{"id":2215,"date":"2017-10-23T16:03:01","date_gmt":"2017-10-23T22:03:01","guid":{"rendered":"http:\/\/bancoinfo.panorama-agro.com\/?page_id=2215"},"modified":"2018-11-27T17:23:11","modified_gmt":"2018-11-28T00:23:11","slug":"soya","status":"publish","type":"page","link":"https:\/\/panorama-agro.com\/?page_id=2215","title":{"rendered":"Soya"},"content":{"rendered":"<p class=\"ContentText\">En Sinaloa existen diversos factores que limitan la producci\u00f3n de soya. Entre los m\u00e1s significativos est\u00e1n la poca disponibilidad de agua en las presas para cultivos de verano, las enfermedades, principalmente virosis y moho blanco, as\u00ed como un complejo de plagas, principalmente mosca blanca, trips y chicharrita y algunos defoliadores.<\/p>\n<p class=\"ContentText\">A pesar de ello, durante el ciclo agr\u00edcola verano 2018 se establecieron en Sinaloa 13 mil 119 hect\u00e1reas, situando a la entidad en el cuarto lugar en superficie sembrada, solo superado por Tamaulipas, Campeche y San Luis Potos\u00ed. El total sembrado en el pa\u00eds fue de 193 mil 760 hect\u00e1reas.<\/p>\n<p class=\"ContentText\">El comportamiento del cultivo en la temporada 2018 desde el punto de vista agron\u00f3mico fue satisfactorio, pero las copiosas lluvias de mediados del mes de septiembre hacen prever una merma de hasta 30% en el volumen de producci\u00f3n esperado en el Valle del Carrizo, donde se localiza la mayor superficie sembrada.<\/p>\n<p class=\"ContentText\">Este cultivo es considerado la rotaci\u00f3n ideal para trigo y ma\u00edz de ciclo corto de siembras tempranas, por su capacidad para fijar nitr\u00f3geno atmosf\u00e9rico que es aprovechado por el ma\u00edz de oto\u00f1o-invierno.<\/p>\n<p class=\"ContentText\">Los suelos requeridos para lograr altos rendimientos de soya son los profundos, donde su ra\u00edz penetra a m\u00e1s de 1.5 metros de profundidad. Dado que esta leguminosa es sensible a la salinidad, es conveniente que la conductividad el\u00e9ctrica sea menor de 4 decisiemens. Es importante conocer el comportamiento de las poblaciones de mosca blanca en las cercan\u00edas de dichos lotes a trav\u00e9s de los monitoreos realizados por las juntas locales de Sanidad Vegetal.<\/p>\n<p>&nbsp;<\/p>\n<h3 class=\"ContentText\" style=\"text-align: center;\">Informaci\u00f3n disponible<\/h3>\n<p>A continuaci\u00f3n le presentamos la informaci\u00f3n t\u00e9cnica disponible para este cultivo:<\/p>\n<ul>\n<li><a title=\"Gu\u00eda de manejo\" href=\"\/?page_id=2221\">Gu\u00eda de manejo del cultivo<\/a><\/li>\n<\/ul>\n<p>Nuestro archivo fotogr\u00e1fico consta de:<\/p>\n<ul>\n<li><a href=\"\/?cat=73\">Fotograf\u00edas de plagas<\/a><\/li>\n<li><a href=\"\/?cat=72\">Fotograf\u00edas de enfermedades<\/a><\/li>\n<\/ul>\n","protected":false},"excerpt":{"rendered":"<p>En Sinaloa existen diversos factores que limitan la producci\u00f3n de soya. Entre los m\u00e1s significativos est\u00e1n la poca disponibilidad de agua en las presas para cultivos<span class=\"excerpt-hellip\"> [\u2026]<\/span><\/p>\n","protected":false},"author":4,"featured_media":2218,"parent":13,"menu_order":0,"comment_status":"open","ping_status":"open","template":"","meta":{"ngg_post_thumbnail":0,"jetpack_post_was_ever_published":false,"footnotes":""},"categories":[99],"tags":[],"acf":[],"jetpack_sharing_enabled":true,"jetpack_shortlink":"https:\/\/wp.me\/P5Aau3-zJ","_links":{"self":[{"href":"https:\/\/panorama-agro.com\/index.php?rest_route=\/wp\/v2\/pages\/2215"}],"collection":[{"href":"https:\/\/panorama-agro.com\/index.php?rest_route=\/wp\/v2\/pages"}],"about":[{"href":"https:\/\/panorama-agro.com\/index.php?rest_route=\/wp\/v2\/types\/page"}],"author":[{"embeddable":true,"href":"https:\/\/panorama-agro.com\/index.php?rest_route=\/wp\/v2\/users\/4"}],"replies":[{"embeddable":true,"href":"https:\/\/panorama-agro.com\/index.php?rest_route=%2Fwp%2Fv2%2Fcomments&post=2215"}],"version-history":[{"count":5,"href":"https:\/\/panorama-agro.com\/index.php?rest_route=\/wp\/v2\/pages\/2215\/revisions"}],"predecessor-version":[{"id":3346,"href":"https:\/\/panorama-agro.com\/index.php?rest_route=\/wp\/v2\/pages\/2215\/revisions\/3346"}],"up":[{"embeddable":true,"href":"https:\/\/panorama-agro.com\/index.php?rest_route=\/wp\/v2\/pages\/13"}],"wp:featuredmedia":[{"embeddable":true,"href":"https:\/\/panorama-agro.com\/index.php?rest_route=\/wp\/v2\/media\/2218"}],"wp:attachment":[{"href":"https:\/\/panorama-agro.com\/index.php?rest_route=%2Fwp%2Fv2%2Fmedia&parent=2215"}],"wp:term":[{"taxonomy":"category","embeddable":true,"href":"https:\/\/panorama-agro.com\/index.php?rest_route=%2Fwp%2Fv2%2Fcategories&post=2215"},{"taxonomy":"post_tag","embeddable":true,"href":"https:\/\/panorama-agro.com\/index.php?rest_route=%2Fwp%2Fv2%2Ftags&post=2215"}],"curies":[{"name":"wp","href":"https:\/\/api.w.org\/{rel}","templated":true}]}}