{"id":24,"date":"2015-01-09T01:14:32","date_gmt":"2015-01-09T01:14:32","guid":{"rendered":"http:\/\/bancoinfo.panorama-agro.com\/?page_id=24"},"modified":"2018-11-27T16:59:33","modified_gmt":"2018-11-27T23:59:33","slug":"sorgo","status":"publish","type":"page","link":"https:\/\/panorama-agro.com\/?page_id=24","title":{"rendered":"Sorgo"},"content":{"rendered":"<p>Sinaloa ocupa el tercer lugar nacional en producci\u00f3n de sorgo en cuanto a superficie sembrada durante el ciclo primavera-verano, al destinarse a este cultivo 69 mil 119 hect\u00e1reas, que representan 13% de la superficie nacional destinada a este cultivo.<\/p>\n<p>El rendimiento medio alcanzado en la temporada 2018 fue de 6.203 toneladas por hect\u00e1rea, ligeramente arriba del promedio nacional.<\/p>\n<p>Entre la problem\u00e1tica agron\u00f3mica destaca la incidencia de plagas, principalmente la mosca del sorgo y el pulg\u00f3n amarillo, ambos fuertemente influenciados por las condiciones de clima y las fechas de siembra que obligan al productor a manejar con extremo cuidado el tema de plagas para reducir su da\u00f1o y el impacto en el costo del cultivo.<\/p>\n<p>Al igual que otros cultivos establecidos en el ciclo primavera-verano, en algunos a\u00f1os el de sorgo se ha limitado por la escasez de agua para riego.<\/p>\n<p>&nbsp;<\/p>\n<h3 class=\"ContentText\" style=\"text-align: center;\">Informaci\u00f3n disponible<\/h3>\n<p>A continuaci\u00f3n le presentamos la informaci\u00f3n t\u00e9cnica disponible para este cultivo:<\/p>\n<ul>\n<li><a title=\"Caracter\u00edsticas descriptivas y requerimientos agroecol\u00f3gicos\" href=\"\/?page_id=1089\">Caracter\u00edsticas descriptivas y requerimientos agroecol\u00f3gicos<\/a><\/li>\n<li><a title=\"Gu\u00eda de manejo\" href=\"\/?page_id=1091\">Gu\u00eda de manejo del cultivo<\/a><\/li>\n<li><a title=\"Costos de producci\u00f3n 2014-2015\" href=\"\/?page_id=1108\">Costos de Producci\u00f3n (2018-2019)<\/a><\/li>\n<li><a href=\"\/?cat=17\">Informaci\u00f3n publicada en la revista Panorama AGROPECUARIO<\/a><\/li>\n<\/ul>\n<p>Nuestro archivo fotogr\u00e1fico consta de:<\/p>\n<ul>\n<li><a href=\"\/?cat=71\">Fotograf\u00edas de plagas<\/a><\/li>\n<li><a href=\"\/?cat=70\">Fotograf\u00edas de enfermedades<\/a><\/li>\n<\/ul>\n","protected":false},"excerpt":{"rendered":"<p>Sinaloa ocupa el tercer lugar nacional en producci\u00f3n de sorgo en cuanto a superficie sembrada durante el ciclo primavera-verano, al destinarse a este cultivo 69 mil<span class=\"excerpt-hellip\"> [\u2026]<\/span><\/p>\n","protected":false},"author":4,"featured_media":2067,"parent":13,"menu_order":0,"comment_status":"open","ping_status":"open","template":"","meta":{"ngg_post_thumbnail":0,"jetpack_post_was_ever_published":false,"footnotes":""},"categories":[99,11],"tags":[],"acf":[],"jetpack_sharing_enabled":true,"jetpack_shortlink":"https:\/\/wp.me\/P5Aau3-o","_links":{"self":[{"href":"https:\/\/panorama-agro.com\/index.php?rest_route=\/wp\/v2\/pages\/24"}],"collection":[{"href":"https:\/\/panorama-agro.com\/index.php?rest_route=\/wp\/v2\/pages"}],"about":[{"href":"https:\/\/panorama-agro.com\/index.php?rest_route=\/wp\/v2\/types\/page"}],"author":[{"embeddable":true,"href":"https:\/\/panorama-agro.com\/index.php?rest_route=\/wp\/v2\/users\/4"}],"replies":[{"embeddable":true,"href":"https:\/\/panorama-agro.com\/index.php?rest_route=%2Fwp%2Fv2%2Fcomments&post=24"}],"version-history":[{"count":6,"href":"https:\/\/panorama-agro.com\/index.php?rest_route=\/wp\/v2\/pages\/24\/revisions"}],"predecessor-version":[{"id":3340,"href":"https:\/\/panorama-agro.com\/index.php?rest_route=\/wp\/v2\/pages\/24\/revisions\/3340"}],"up":[{"embeddable":true,"href":"https:\/\/panorama-agro.com\/index.php?rest_route=\/wp\/v2\/pages\/13"}],"wp:featuredmedia":[{"embeddable":true,"href":"https:\/\/panorama-agro.com\/index.php?rest_route=\/wp\/v2\/media\/2067"}],"wp:attachment":[{"href":"https:\/\/panorama-agro.com\/index.php?rest_route=%2Fwp%2Fv2%2Fmedia&parent=24"}],"wp:term":[{"taxonomy":"category","embeddable":true,"href":"https:\/\/panorama-agro.com\/index.php?rest_route=%2Fwp%2Fv2%2Fcategories&post=24"},{"taxonomy":"post_tag","embeddable":true,"href":"https:\/\/panorama-agro.com\/index.php?rest_route=%2Fwp%2Fv2%2Ftags&post=24"}],"curies":[{"name":"wp","href":"https:\/\/api.w.org\/{rel}","templated":true}]}}

<p>Sinaloa ocupa el tercer lugar nacional en producción de sorgo en cuanto a superficie sembrada durante el ciclo primavera-verano, al destinarse a este cultivo 69 mil 119 hectáreas, que representan 13% de la superficie nacional destinada a este cultivo.</p>
<p>El rendimiento medio alcanzado en la temporada 2018 fue de 6.203 toneladas por hectárea, ligeramente arriba del promedio nacional.</p>
<p>Entre la problemática agronómica destaca la incidencia de plagas, principalmente la mosca del sorgo y el pulgón amarillo, ambos fuertemente influenciados por las condiciones de clima y las fechas de siembra que obligan al productor a manejar con extremo cuidado el tema de plagas para reducir su daño y el impacto en el costo del cultivo.</p>
<p>Al igual que otros cultivos establecidos en el ciclo primavera-verano, en algunos años el de sorgo se ha limitado por la escasez de agua para riego.</p>
<p>&nbsp;</p>
<h3 class="ContentText" style="text-align: center;">Información disponible</h3>
<p>A continuación le presentamos la información técnica disponible para este cultivo:</p>
<ul>
<li><a title="Características descriptivas y requerimientos agroecológicos" href="/?page_id=1089">Características descriptivas y requerimientos agroecológicos</a></li>
<li><a title="Guía de manejo" href="/?page_id=1091">Guía de manejo del cultivo</a></li>
<li><a title="Costos de producción 2014-2015" href="/?page_id=1108">Costos de Producción (2018-2019)</a></li>
<li><a href="/?cat=17">Información publicada en la revista Panorama AGROPECUARIO</a></li>
</ul>
<p>Nuestro archivo fotográfico consta de:</p>
<ul>
<li><a href="/?cat=71">Fotografías de plagas</a></li>
<li><a href="/?cat=70">Fotografías de enfermedades</a></li>
</ul>

<p>Sinaloa ocupa el tercer lugar nacional en producción de sorgo en cuanto a superficie sembrada durante el ciclo primavera-verano, al destinarse a este cultivo 69 mil<span class="excerpt-hellip"> […]</span></p>
