{"id":2547,"date":"2017-11-08T16:45:05","date_gmt":"2017-11-08T23:45:05","guid":{"rendered":"http:\/\/bancoinfo.panorama-agro.com\/?page_id=2547"},"modified":"2018-04-16T12:05:56","modified_gmt":"2018-04-16T18:05:56","slug":"papa","status":"publish","type":"page","link":"https:\/\/panorama-agro.com\/?page_id=2547","title":{"rendered":"Papa"},"content":{"rendered":"<p class=\"ContentText\">Sinaloa se mantiene en primer lugar nacional en cuanto a superficie sembrada de papa y en segundo, despu\u00e9s de Sonora, en cuanto a volumen de producci\u00f3n. Casi el total de la superficie estatal se establece en la zona norte con poco m\u00e1s de 13 mil hect\u00e1reas, cuya comercializaci\u00f3n se divide en papa comercial para consumo fresco, para semilla y papa para industria.<\/p>\n<p class=\"ContentText\">La principal problem\u00e1tica del cultivo la representan la presencia de plagas y enfermedades asociadas a las condiciones de clima y en algunos casos al abuso de la aplicaci\u00f3n de insecticidas que ha derivado en pobres niveles de control y el desarrollo de resistencia a plaguicidas por parte de plagas como <em>Paratrioza cockerelli<\/em>.<\/p>\n<p class=\"ContentText\">En los \u00faltimos a\u00f1os la plaga Paratrioza est\u00e1 causando serios da\u00f1os en la producci\u00f3n y calidad del cultivo de papa y en todas las dem\u00e1s solan\u00e1ceas en los estados productores del pa\u00eds.<br \/>\nOtros temas que requieren revisarse son los relacionados con la nutrici\u00f3n y manejo del riego.<\/p>\n<p class=\"ContentText\">La SAGARPA reporta que durante el ciclo oto\u00f1o-invierno 2015-2016 se sembraron en Sinaloa 13 mil 635 hect\u00e1reas de las que se obtuvo una cosecha de 361 mil 082 toneladas, para un rendimiento medio de 26.482 ton\/ha., casi una tonelada m\u00e1s que el ciclo previo.<\/p>\n<p class=\"ContentText\">En Sonora, con una superficie de 9 mil 733 hect\u00e1reas se obtuvieron 315 mil 959 toneladas, para un rendimiento medio de 32.630 ton\/ha.<\/p>\n<p>&nbsp;<\/p>\n<h3 class=\"ContentText\">Informaci\u00f3n disponible<\/h3>\n<p>A continuaci\u00f3n le presentamos la informaci\u00f3n t\u00e9cnica disponible para este cultivo:<\/p>\n<ul>\n<li><a title=\"Gu\u00eda de manejo\" href=\"\/?page_id=2551\">Gu\u00eda de manejo del cultivo<\/a><\/li>\n<\/ul>\n<p>Nuestro archivo fotogr\u00e1fico consta de:<\/p>\n<ul>\n<li><a href=\"\/?cat=81\">Fotograf\u00edas de plagas<\/a><\/li>\n<li><a href=\"\/?cat=80\">Fotograf\u00edas de enfermedades<\/a><\/li>\n<\/ul>\n<p>&nbsp;<\/p>\n","protected":false},"excerpt":{"rendered":"<p>Sinaloa se mantiene en primer lugar nacional en cuanto a superficie sembrada de papa y en segundo, despu\u00e9s de Sonora, en cuanto a volumen de producci\u00f3n.<span class=\"excerpt-hellip\"> [\u2026]<\/span><\/p>\n","protected":false},"author":4,"featured_media":2546,"parent":26,"menu_order":0,"comment_status":"open","ping_status":"open","template":"","meta":{"ngg_post_thumbnail":0,"jetpack_post_was_ever_published":false,"footnotes":""},"categories":[100,27],"tags":[],"acf":[],"jetpack_sharing_enabled":true,"jetpack_shortlink":"https:\/\/wp.me\/P5Aau3-F5","_links":{"self":[{"href":"https:\/\/panorama-agro.com\/index.php?rest_route=\/wp\/v2\/pages\/2547"}],"collection":[{"href":"https:\/\/panorama-agro.com\/index.php?rest_route=\/wp\/v2\/pages"}],"about":[{"href":"https:\/\/panorama-agro.com\/index.php?rest_route=\/wp\/v2\/types\/page"}],"author":[{"embeddable":true,"href":"https:\/\/panorama-agro.com\/index.php?rest_route=\/wp\/v2\/users\/4"}],"replies":[{"embeddable":true,"href":"https:\/\/panorama-agro.com\/index.php?rest_route=%2Fwp%2Fv2%2Fcomments&post=2547"}],"version-history":[{"count":5,"href":"https:\/\/panorama-agro.com\/index.php?rest_route=\/wp\/v2\/pages\/2547\/revisions"}],"predecessor-version":[{"id":2731,"href":"https:\/\/panorama-agro.com\/index.php?rest_route=\/wp\/v2\/pages\/2547\/revisions\/2731"}],"up":[{"embeddable":true,"href":"https:\/\/panorama-agro.com\/index.php?rest_route=\/wp\/v2\/pages\/26"}],"wp:featuredmedia":[{"embeddable":true,"href":"https:\/\/panorama-agro.com\/index.php?rest_route=\/wp\/v2\/media\/2546"}],"wp:attachment":[{"href":"https:\/\/panorama-agro.com\/index.php?rest_route=%2Fwp%2Fv2%2Fmedia&parent=2547"}],"wp:term":[{"taxonomy":"category","embeddable":true,"href":"https:\/\/panorama-agro.com\/index.php?rest_route=%2Fwp%2Fv2%2Fcategories&post=2547"},{"taxonomy":"post_tag","embeddable":true,"href":"https:\/\/panorama-agro.com\/index.php?rest_route=%2Fwp%2Fv2%2Ftags&post=2547"}],"curies":[{"name":"wp","href":"https:\/\/api.w.org\/{rel}","templated":true}]}}

<p class="ContentText">Sinaloa se mantiene en primer lugar nacional en cuanto a superficie sembrada de papa y en segundo, después de Sonora, en cuanto a volumen de producción. Casi el total de la superficie estatal se establece en la zona norte con poco más de 13 mil hectáreas, cuya comercialización se divide en papa comercial para consumo fresco, para semilla y papa para industria.</p>
<p class="ContentText">La principal problemática del cultivo la representan la presencia de plagas y enfermedades asociadas a las condiciones de clima y en algunos casos al abuso de la aplicación de insecticidas que ha derivado en pobres niveles de control y el desarrollo de resistencia a plaguicidas por parte de plagas como <em>Paratrioza cockerelli</em>.</p>
<p class="ContentText">En los últimos años la plaga Paratrioza está causando serios daños en la producción y calidad del cultivo de papa y en todas las demás solanáceas en los estados productores del país.<br />
Otros temas que requieren revisarse son los relacionados con la nutrición y manejo del riego.</p>
<p class="ContentText">La SAGARPA reporta que durante el ciclo otoño-invierno 2015-2016 se sembraron en Sinaloa 13 mil 635 hectáreas de las que se obtuvo una cosecha de 361 mil 082 toneladas, para un rendimiento medio de 26.482 ton/ha., casi una tonelada más que el ciclo previo.</p>
<p class="ContentText">En Sonora, con una superficie de 9 mil 733 hectáreas se obtuvieron 315 mil 959 toneladas, para un rendimiento medio de 32.630 ton/ha.</p>
<p>&nbsp;</p>
<h3 class="ContentText">Información disponible</h3>
<p>A continuación le presentamos la información técnica disponible para este cultivo:</p>
<ul>
<li><a title="Guía de manejo" href="/?page_id=2551">Guía de manejo del cultivo</a></li>
</ul>
<p>Nuestro archivo fotográfico consta de:</p>
<ul>
<li><a href="/?cat=81">Fotografías de plagas</a></li>
<li><a href="/?cat=80">Fotografías de enfermedades</a></li>
</ul>
<p>&nbsp;</p>

<p>Sinaloa se mantiene en primer lugar nacional en cuanto a superficie sembrada de papa y en segundo, después de Sonora, en cuanto a volumen de producción.<span class="excerpt-hellip"> […]</span></p>
