{"id":2627,"date":"2017-11-14T08:19:15","date_gmt":"2017-11-14T15:19:15","guid":{"rendered":"http:\/\/bancoinfo.panorama-agro.com\/?page_id=2627"},"modified":"2018-04-16T12:06:38","modified_gmt":"2018-04-16T18:06:38","slug":"calabacita","status":"publish","type":"page","link":"https:\/\/panorama-agro.com\/?page_id=2627","title":{"rendered":"Calabacita"},"content":{"rendered":"<p class=\"ContentText\">La calabacita es un cultivo exigente en agua, por lo que el rendimiento depender\u00e1 en gran medida de la disponibilidad de agua en el terreno. No obstante, los excesos de humedad impiden la germinaci\u00f3n y pueden ocasionar asfixia radicular, y una escasa humedad puede provocar la deshidrataci\u00f3n de los tejidos, la reducci\u00f3n del desarrollo vegetativo, una deficiente fecundaci\u00f3n por ca\u00edda de flores, redundando en una disminuci\u00f3n de la producci\u00f3n y un retraso del crecimiento.<\/p>\n<p class=\"ContentText\">Se adapta con facilidad a todo tipo de suelos, aunque prefiere los de textura franca, profundos y bien drenados.<\/p>\n<p class=\"ContentText\">Es una especie medianamente tolerante a la salinidad del suelo y del agua de riego (menos que el mel\u00f3n y la sand\u00eda y m\u00e1s que el pepino).<\/p>\n<p class=\"ContentText\">La susceptibilidad a bajas temperaturas y el riesgo de incidencia de virosis cuando las poblaciones de vectores son muy altas representan los mayores problemas del cultivo, pero tiene a favor un ciclo de siembra a cosecha muy breve de 60 a 75 d\u00edas, pudi\u00e9ndose prolongar la cosecha hasta en 45 d\u00edas.<\/p>\n<p class=\"ContentText\">De acuerdo con la SAGAPA, durante el ciclo oto\u00f1o-invierno 2015-2016 se establecieron en Sinaloa mil 726 hect\u00e1reas de las que se obtuvieron 28 mil 469 toneladas, para un rendimiento medio de 16,495 kg\/ha. En Sonora, la superficie sembrada fue de 3 mil 775 hect\u00e1reas con una producci\u00f3n de 75 mil 826 toneladas y rendimiento medio de 20,599 kg\/ha, superior casi 20% al de Sinaloa.<\/p>\n<p>&nbsp;<\/p>\n<h3 class=\"ContentText\">Informaci\u00f3n disponible<\/h3>\n<p>A continuaci\u00f3n le presentamos la informaci\u00f3n t\u00e9cnica disponible para este cultivo:<\/p>\n<ul>\n<li><a title=\"Gu\u00eda de manejo\" href=\"\/?page_id=2631\">Gu\u00eda de manejo del cultivo<\/a><\/li>\n<\/ul>\n<p>Nuestro archivo fotogr\u00e1fico consta de:<\/p>\n<ul>\n<li><a href=\"\/?cat=77\">Fotograf\u00edas de plagas<\/a><\/li>\n<li><a href=\"\/?cat=76\">Fotograf\u00edas de enfermedades<\/a><\/li>\n<\/ul>\n<p>&nbsp;<\/p>\n","protected":false},"excerpt":{"rendered":"<p>La calabacita es un cultivo exigente en agua, por lo que el rendimiento depender\u00e1 en gran medida de la disponibilidad de agua en el terreno. No<span class=\"excerpt-hellip\"> [\u2026]<\/span><\/p>\n","protected":false},"author":4,"featured_media":2629,"parent":26,"menu_order":0,"comment_status":"open","ping_status":"open","template":"","meta":{"ngg_post_thumbnail":0,"jetpack_post_was_ever_published":false,"footnotes":""},"categories":[22,100],"tags":[],"acf":[],"jetpack_sharing_enabled":true,"jetpack_shortlink":"https:\/\/wp.me\/P5Aau3-Gn","_links":{"self":[{"href":"https:\/\/panorama-agro.com\/index.php?rest_route=\/wp\/v2\/pages\/2627"}],"collection":[{"href":"https:\/\/panorama-agro.com\/index.php?rest_route=\/wp\/v2\/pages"}],"about":[{"href":"https:\/\/panorama-agro.com\/index.php?rest_route=\/wp\/v2\/types\/page"}],"author":[{"embeddable":true,"href":"https:\/\/panorama-agro.com\/index.php?rest_route=\/wp\/v2\/users\/4"}],"replies":[{"embeddable":true,"href":"https:\/\/panorama-agro.com\/index.php?rest_route=%2Fwp%2Fv2%2Fcomments&post=2627"}],"version-history":[{"count":4,"href":"https:\/\/panorama-agro.com\/index.php?rest_route=\/wp\/v2\/pages\/2627\/revisions"}],"predecessor-version":[{"id":2733,"href":"https:\/\/panorama-agro.com\/index.php?rest_route=\/wp\/v2\/pages\/2627\/revisions\/2733"}],"up":[{"embeddable":true,"href":"https:\/\/panorama-agro.com\/index.php?rest_route=\/wp\/v2\/pages\/26"}],"wp:featuredmedia":[{"embeddable":true,"href":"https:\/\/panorama-agro.com\/index.php?rest_route=\/wp\/v2\/media\/2629"}],"wp:attachment":[{"href":"https:\/\/panorama-agro.com\/index.php?rest_route=%2Fwp%2Fv2%2Fmedia&parent=2627"}],"wp:term":[{"taxonomy":"category","embeddable":true,"href":"https:\/\/panorama-agro.com\/index.php?rest_route=%2Fwp%2Fv2%2Fcategories&post=2627"},{"taxonomy":"post_tag","embeddable":true,"href":"https:\/\/panorama-agro.com\/index.php?rest_route=%2Fwp%2Fv2%2Ftags&post=2627"}],"curies":[{"name":"wp","href":"https:\/\/api.w.org\/{rel}","templated":true}]}}

<p class="ContentText">La calabacita es un cultivo exigente en agua, por lo que el rendimiento dependerá en gran medida de la disponibilidad de agua en el terreno. No obstante, los excesos de humedad impiden la germinación y pueden ocasionar asfixia radicular, y una escasa humedad puede provocar la deshidratación de los tejidos, la reducción del desarrollo vegetativo, una deficiente fecundación por caída de flores, redundando en una disminución de la producción y un retraso del crecimiento.</p>
<p class="ContentText">Se adapta con facilidad a todo tipo de suelos, aunque prefiere los de textura franca, profundos y bien drenados.</p>
<p class="ContentText">Es una especie medianamente tolerante a la salinidad del suelo y del agua de riego (menos que el melón y la sandía y más que el pepino).</p>
<p class="ContentText">La susceptibilidad a bajas temperaturas y el riesgo de incidencia de virosis cuando las poblaciones de vectores son muy altas representan los mayores problemas del cultivo, pero tiene a favor un ciclo de siembra a cosecha muy breve de 60 a 75 días, pudiéndose prolongar la cosecha hasta en 45 días.</p>
<p class="ContentText">De acuerdo con la SAGAPA, durante el ciclo otoño-invierno 2015-2016 se establecieron en Sinaloa mil 726 hectáreas de las que se obtuvieron 28 mil 469 toneladas, para un rendimiento medio de 16,495 kg/ha. En Sonora, la superficie sembrada fue de 3 mil 775 hectáreas con una producción de 75 mil 826 toneladas y rendimiento medio de 20,599 kg/ha, superior casi 20% al de Sinaloa.</p>
<p>&nbsp;</p>
<h3 class="ContentText">Información disponible</h3>
<p>A continuación le presentamos la información técnica disponible para este cultivo:</p>
<ul>
<li><a title="Guía de manejo" href="/?page_id=2631">Guía de manejo del cultivo</a></li>
</ul>
<p>Nuestro archivo fotográfico consta de:</p>
<ul>
<li><a href="/?cat=77">Fotografías de plagas</a></li>
<li><a href="/?cat=76">Fotografías de enfermedades</a></li>
</ul>
<p>&nbsp;</p>

<p>La calabacita es un cultivo exigente en agua, por lo que el rendimiento dependerá en gran medida de la disponibilidad de agua en el terreno. No<span class="excerpt-hellip"> […]</span></p>
