{"id":2698,"date":"2017-11-28T19:33:07","date_gmt":"2017-11-29T02:33:07","guid":{"rendered":"https:\/\/panorama-agro.com\/?page_id=2698"},"modified":"2023-11-04T10:07:59","modified_gmt":"2023-11-04T17:07:59","slug":"limites-maximos-de-residuos-de-plaguicidas","status":"publish","type":"page","link":"https:\/\/panorama-agro.com\/?page_id=2698","title":{"rendered":"L\u00edmites de residuos de plaguicidas"},"content":{"rendered":"<h4>A continuaci\u00f3n se muestra la lista de cultivos en los que tenemos la tabla de l\u00edmites m\u00e1ximos de residuos plaguicidas:<\/h4>\n<ul>\n<li><a href=\"https:\/\/panorama-agro.com\/?p=2772\">Ma\u00edz<\/a><\/li>\n<li><a href=\"https:\/\/panorama-agro.com\/?p=2804\" rel=\"noopener\">Frijol<\/a><\/li>\n<li><a href=\"https:\/\/panorama-agro.com\/?p=2793\" rel=\"noopener\">Trigo<\/a><\/li>\n<li><a href=\"https:\/\/panorama-agro.com\/?p=2818\" rel=\"noopener\">Sorgo<\/a><\/li>\n<li><a href=\"https:\/\/panorama-agro.com\/?p=2825\" rel=\"noopener\">Garbanzo<\/a><\/li>\n<li><a href=\"https:\/\/panorama-agro.com\/?p=2828\" rel=\"noopener\">Soya<\/a><\/li>\n<li><a href=\"https:\/\/panorama-agro.com\/?p=2577\">Tomate<\/a><\/li>\n<li><a href=\"https:\/\/panorama-agro.com\/?p=2830\" rel=\"noopener\">Chiles picosos y secos<\/a><\/li>\n<li><a href=\"https:\/\/panorama-agro.com\/?p=2837\">Papa<\/a><\/li>\n<li><a href=\"https:\/\/panorama-agro.com\/?p=2839\" rel=\"noopener\">Cucurbit\u00e1ceas<\/a><\/li>\n<li><a href=\"https:\/\/panorama-agro.com\/?p=2842\" rel=\"noopener\">C\u00edtricos<\/a><\/li>\n<\/ul>\n\n\n<p><\/p>\n","protected":false},"excerpt":{"rendered":"<p>A continuaci\u00f3n se muestra la lista de cultivos en los que tenemos la tabla de l\u00edmites m\u00e1ximos de residuos plaguicidas: Ma\u00edz Frijol Trigo Sorgo Garbanzo Soya<span class=\"excerpt-hellip\"> [\u2026]<\/span><\/p>\n","protected":false},"author":4,"featured_media":2176,"parent":74,"menu_order":0,"comment_status":"open","ping_status":"open","template":"","meta":{"ngg_post_thumbnail":0,"jetpack_post_was_ever_published":false,"footnotes":""},"categories":[],"tags":[],"acf":[],"jetpack_sharing_enabled":true,"jetpack_shortlink":"https:\/\/wp.me\/P5Aau3-Hw","_links":{"self":[{"href":"https:\/\/panorama-agro.com\/index.php?rest_route=\/wp\/v2\/pages\/2698"}],"collection":[{"href":"https:\/\/panorama-agro.com\/index.php?rest_route=\/wp\/v2\/pages"}],"about":[{"href":"https:\/\/panorama-agro.com\/index.php?rest_route=\/wp\/v2\/types\/page"}],"author":[{"embeddable":true,"href":"https:\/\/panorama-agro.com\/index.php?rest_route=\/wp\/v2\/users\/4"}],"replies":[{"embeddable":true,"href":"https:\/\/panorama-agro.com\/index.php?rest_route=%2Fwp%2Fv2%2Fcomments&post=2698"}],"version-history":[{"count":6,"href":"https:\/\/panorama-agro.com\/index.php?rest_route=\/wp\/v2\/pages\/2698\/revisions"}],"predecessor-version":[{"id":4375,"href":"https:\/\/panorama-agro.com\/index.php?rest_route=\/wp\/v2\/pages\/2698\/revisions\/4375"}],"up":[{"embeddable":true,"href":"https:\/\/panorama-agro.com\/index.php?rest_route=\/wp\/v2\/pages\/74"}],"wp:featuredmedia":[{"embeddable":true,"href":"https:\/\/panorama-agro.com\/index.php?rest_route=\/wp\/v2\/media\/2176"}],"wp:attachment":[{"href":"https:\/\/panorama-agro.com\/index.php?rest_route=%2Fwp%2Fv2%2Fmedia&parent=2698"}],"wp:term":[{"taxonomy":"category","embeddable":true,"href":"https:\/\/panorama-agro.com\/index.php?rest_route=%2Fwp%2Fv2%2Fcategories&post=2698"},{"taxonomy":"post_tag","embeddable":true,"href":"https:\/\/panorama-agro.com\/index.php?rest_route=%2Fwp%2Fv2%2Ftags&post=2698"}],"curies":[{"name":"wp","href":"https:\/\/api.w.org\/{rel}","templated":true}]}}