{"id":3361,"date":"2018-11-29T11:43:21","date_gmt":"2018-11-29T18:43:21","guid":{"rendered":"https:\/\/panorama-agro.com\/?page_id=3361"},"modified":"2021-04-29T22:26:27","modified_gmt":"2021-04-30T04:26:27","slug":"tomate-2","status":"publish","type":"page","link":"https:\/\/panorama-agro.com\/?page_id=3361","title":{"rendered":"Alfalfa"},"content":{"rendered":"\n<p>En M\u00e9xico, la alfalfa (<em>Medicago sativa<\/em> L.) es la leguminosa forrajera m\u00e1s utilizada para la alimentaci\u00f3n del ganado lechero, en las regiones \u00e1rida, semi\u00e1rida y templada. Su importancia radica en la cantidad de forraje obtenido por unidad de superficie cultivada, valor nutritivo, aceptabilidad y consumo animal, ya sea en estado fresco, heno o ensilada. La superficie cultivada con alfalfa en M\u00e9xico es de casi 400 mil hect\u00e1reas en riego y su rendimiento promedio anual es de 75 toneladas.<\/p>\n\n\n\n<p>En Sinaloa, la superficie rebasa las 4 mil hect\u00e1reas con un rendimiento de 36.5 t\/ha.<\/p>\n\n\n\n<p>Cada variedad de alfalfa representa una combinaci\u00f3n espec\u00edfica de caracteres gen\u00e9ticos, cuyo potencial productivo se expresa de manera diferente, seg\u00fan las condiciones ambientales. No existe una mejor variedad para todas las condiciones productivas, la elecci\u00f3n acertada de alguna variedad depende de combinaciones de condiciones clim\u00e1ticas, ed\u00e1ficas, pr\u00e1cticas de manejo y la forma de aprovechamiento de la pastura, ya sea corte o pastoreo.<\/p>\n\n\n\n<p>La alfalfa requiere suelos profundos y bien drenados, aunque se cultiva en una amplia variabilidad de ellos. Los suelos con menos de 60 cent\u00edmetros (cm) de profundidad no son aconsejables para este cultivo.<\/p>\n\n\n\n<p>&nbsp;<\/p>\n\n\n\n<h3 class=\"wp-block-heading\">Informaci\u00f3n disponible<\/h3>\n\n\n\n<p>A continuaci\u00f3n le presentamos la informaci\u00f3n t\u00e9cnica disponible para este cultivo:<\/p>\n\n\n\n<ul><li><a href=\"https:\/\/panorama-agro.com\/?page_id=4116\" data-type=\"page\" data-id=\"4116\">Gu\u00eda de manejo del cultivo<\/a><\/li><\/ul>\n\n\n\n<p>Nuestro archivo fotogr\u00e1fico consta de:<\/p>\n\n\n\n<ul><li><a href=\"\/?cat=108\">Fotograf\u00edas de plagas<\/a><\/li><li><a href=\"\/?cat=109\">Fotograf\u00edas de enfermedades<\/a><\/li><\/ul>\n","protected":false},"excerpt":{"rendered":"<p>En M\u00e9xico, la alfalfa (Medicago sativa L.) es la leguminosa forrajera m\u00e1s utilizada para la alimentaci\u00f3n del ganado lechero, en las regiones \u00e1rida, semi\u00e1rida y templada.<span class=\"excerpt-hellip\"> [\u2026]<\/span><\/p>\n","protected":false},"author":4,"featured_media":3362,"parent":26,"menu_order":0,"comment_status":"open","ping_status":"open","template":"","meta":{"ngg_post_thumbnail":0,"jetpack_post_was_ever_published":false,"footnotes":""},"categories":[107,100,30],"tags":[],"acf":[],"jetpack_sharing_enabled":true,"jetpack_shortlink":"https:\/\/wp.me\/P5Aau3-Sd","_links":{"self":[{"href":"https:\/\/panorama-agro.com\/index.php?rest_route=\/wp\/v2\/pages\/3361"}],"collection":[{"href":"https:\/\/panorama-agro.com\/index.php?rest_route=\/wp\/v2\/pages"}],"about":[{"href":"https:\/\/panorama-agro.com\/index.php?rest_route=\/wp\/v2\/types\/page"}],"author":[{"embeddable":true,"href":"https:\/\/panorama-agro.com\/index.php?rest_route=\/wp\/v2\/users\/4"}],"replies":[{"embeddable":true,"href":"https:\/\/panorama-agro.com\/index.php?rest_route=%2Fwp%2Fv2%2Fcomments&post=3361"}],"version-history":[{"count":6,"href":"https:\/\/panorama-agro.com\/index.php?rest_route=\/wp\/v2\/pages\/3361\/revisions"}],"predecessor-version":[{"id":4124,"href":"https:\/\/panorama-agro.com\/index.php?rest_route=\/wp\/v2\/pages\/3361\/revisions\/4124"}],"up":[{"embeddable":true,"href":"https:\/\/panorama-agro.com\/index.php?rest_route=\/wp\/v2\/pages\/26"}],"wp:featuredmedia":[{"embeddable":true,"href":"https:\/\/panorama-agro.com\/index.php?rest_route=\/wp\/v2\/media\/3362"}],"wp:attachment":[{"href":"https:\/\/panorama-agro.com\/index.php?rest_route=%2Fwp%2Fv2%2Fmedia&parent=3361"}],"wp:term":[{"taxonomy":"category","embeddable":true,"href":"https:\/\/panorama-agro.com\/index.php?rest_route=%2Fwp%2Fv2%2Fcategories&post=3361"},{"taxonomy":"post_tag","embeddable":true,"href":"https:\/\/panorama-agro.com\/index.php?rest_route=%2Fwp%2Fv2%2Ftags&post=3361"}],"curies":[{"name":"wp","href":"https:\/\/api.w.org\/{rel}","templated":true}]}}

<p>En México, la alfalfa (<em>Medicago sativa</em> L.) es la leguminosa forrajera más utilizada para la alimentación del ganado lechero, en las regiones árida, semiárida y templada. Su importancia radica en la cantidad de forraje obtenido por unidad de superficie cultivada, valor nutritivo, aceptabilidad y consumo animal, ya sea en estado fresco, heno o ensilada. La superficie cultivada con alfalfa en México es de casi 400 mil hectáreas en riego y su rendimiento promedio anual es de 75 toneladas.</p>



<p>En Sinaloa, la superficie rebasa las 4 mil hectáreas con un rendimiento de 36.5 t/ha.</p>



<p>Cada variedad de alfalfa representa una combinación específica de caracteres genéticos, cuyo potencial productivo se expresa de manera diferente, según las condiciones ambientales. No existe una mejor variedad para todas las condiciones productivas, la elección acertada de alguna variedad depende de combinaciones de condiciones climáticas, edáficas, prácticas de manejo y la forma de aprovechamiento de la pastura, ya sea corte o pastoreo.</p>



<p>La alfalfa requiere suelos profundos y bien drenados, aunque se cultiva en una amplia variabilidad de ellos. Los suelos con menos de 60 centímetros (cm) de profundidad no son aconsejables para este cultivo.</p>



<p>&nbsp;</p>



<h3 class="wp-block-heading">Información disponible</h3>



<p>A continuación le presentamos la información técnica disponible para este cultivo:</p>



<ul><li><a href="https://panorama-agro.com/?page_id=4116" data-type="page" data-id="4116">Guía de manejo del cultivo</a></li></ul>



<p>Nuestro archivo fotográfico consta de:</p>



<ul><li><a href="/?cat=108">Fotografías de plagas</a></li><li><a href="/?cat=109">Fotografías de enfermedades</a></li></ul>

<p>En México, la alfalfa (Medicago sativa L.) es la leguminosa forrajera más utilizada para la alimentación del ganado lechero, en las regiones árida, semiárida y templada.<span class="excerpt-hellip"> […]</span></p>
