{"id":3379,"date":"2018-11-29T15:16:39","date_gmt":"2018-11-29T22:16:39","guid":{"rendered":"https:\/\/panorama-agro.com\/?page_id=3379"},"modified":"2018-11-29T15:34:36","modified_gmt":"2018-11-29T22:34:36","slug":"guia-de-manejo-2-2","status":"publish","type":"page","link":"https:\/\/panorama-agro.com\/?page_id=3379","title":{"rendered":"Gu\u00eda de manejo de los c\u00edtricos"},"content":{"rendered":"\n<h4 class=\"wp-block-heading\">Selecci\u00f3n de \u00e1rboles en vivero<\/h4>\n\n\n\n<p>La edad de los arbolitos m\u00e1s adecuada es de un a\u00f1o para el injerto y tres a\u00f1os para el patr\u00f3n. Injertos mayores de dos a\u00f1os tienden a presentar deformaciones en la ra\u00edz y son m\u00e1s impactados en el trasplante. Un tama\u00f1o adecuado de las plantas es de 70 a 100 cm de altura, con el injerto de 20 a 30 cm de la superficie del suelo y con 2 a 4 ramas con buena distribuci\u00f3n alrededor del tronco. El utilizar viveros certificados en su sanidad es un factor esencial para el \u00e9xito de la plantaci\u00f3n.<\/p>\n\n\n\n<h4 class=\"wp-block-heading\">Selecci\u00f3n de la variedad<br><\/h4>\n\n\n\n<p>Dadas las expectativas de vida productiva de las huertas de 40 a 50 a\u00f1os o m\u00e1s, la selecci\u00f3n de la especie y variedad a plantar es uno de los aspectos m\u00e1s importantes, ya que representa el tipo de producto final que se va a comercializar. Para ello se deber\u00e1 tener presente las caracter\u00edsticas de fruta que demandan los diferentes mercados en fresco y la industria, como \u00e9poca de cosecha, tama\u00f1o de fruta, color y textura de c\u00e1scara, contenido de jugo, contenido de az\u00facar y \u00e1cido, aroma, presencia de semillas, facilidad de pelar, caracter\u00edsticas para el transporte, etc.<\/p>\n\n\n\n<h4 class=\"wp-block-heading\">Preparaci\u00f3n del terreno<br><\/h4>\n\n\n\n<p>Dar un subsoleo para reducir compactaci\u00f3n al romper capas duras para favorecer infiltraci\u00f3n del agua de riego y mejor desarrollo de ra\u00edces. Despu\u00e9s un barbecho para roturar el terreno, seguido de dos pasos de rastra para desmenuzar los terrones. Posteriormente se requiere de nivelaci\u00f3n del lote, ya que, una vez establecidos los \u00e1rboles es muy dif\u00edcil corregir irregularidades de la topograf\u00eda que impiden uniformidad en la distribuci\u00f3n del agua de riego. Una vez plantados los arbolitos se necesita trazar el riego, para lo cual se levantan bordos para formar melgas angostas de 2 m de ancho para los riegos del primer a\u00f1o. Cuando se realizan labores de desmonte, es conveniente eliminar todos los trozos de ra\u00edces para completar una buena preparaci\u00f3n.<\/p>\n\n\n\n<h4 class=\"wp-block-heading\">\u00c9poca de plantaci\u00f3n<br><\/h4>\n\n\n\n<p>Este aspecto est\u00e1 determinado por el clima y se busca evitar temperaturas  extremas.  Se  consideran  como fechas adecuadas desde finales de febrero hasta mayo, cuando no hay riesgo de heladas y previo a las altas temperaturas del verano. Con esto se logra un mayor porcentaje de prendimiento de los \u00e1rboles y un arranque adecuado de su crecimiento. Cuando es preciso plantar en invierno, es necesario proteger los arbolitos de las bajas temperaturas, sobre todo en el caso de limones que son m\u00e1s sensibles al fr\u00edo.<\/p>\n\n\n\n<h4 class=\"wp-block-heading\">Sistema y densidad de plantaci\u00f3n<br><\/h4>\n\n\n\n<p>El arreglo o acomodo de los \u00e1rboles en el terreno puede ser en forma de cuadrado, rect\u00e1ngulo o tri\u00e1ngulo (tresbolillo). El m\u00e1s utilizado es el rectangular por facilitar su establecimiento, las labores de manejo y permitir mayores  densidades  que  en  cuadrado,  al  reducir  el  distanciamiento  de \u00e1rboles sobre la hilera, permitiendo en edad adulta manejar la huerta en seto en una sola direcci\u00f3n. De acuerdo a la distribuci\u00f3n de luz durante el d\u00eda, es conveniente orientar las hileras de \u00e1rboles de norte a sur.<br><\/p>\n\n\n\n<p>En cuanto a la distancia entre hileras y entre \u00e1rboles, que nos dar\u00e1 la densidad de \u00e1rboles, cambia entre especies por el tama\u00f1o que alcanzan los \u00e1rboles en edad adulta. Los limones y toronjas alcanzan mayores portes que las naranjas, y estas a su vez, son m\u00e1s grandes que mandarinas y limas. <\/p>\n\n\n\n<p>En el Cuadro 1 se sugieren distanciamientos para las diferentes especies.<\/p>\n\n\n\n<h4 class=\"wp-block-heading\">Trasplante<br><\/h4>\n\n\n\n<p>Se marca el sitio que ocupar\u00e1n los \u00e1rboles y se abren hoyos de 30 cm de di\u00e1metro por 50 cm de profundidad. El trasplante se puede realizar con ra\u00edz desnuda o \u201cboleado\u201d con tierra. En el primer caso se extraen con cuidado los arbolitos del vivero y se realiza una poda ligera de ra\u00edz y de parte a\u00e9rea. <\/p>\n\n\n\n<p>Cuando se extraen los arbolitos \u201cboleados\u201d se requiere menor poda. En cualquier caso colocar el cuello del \u00e1rbol a nivel con la superficie del suelo, rellenando primero  con  tierra  superficial  que  normalmente  contiene  m\u00e1s  materia org\u00e1nica.<\/p>\n\n\n\n<h4 class=\"wp-block-heading\">Cuidados iniciales<br><\/h4>\n\n\n\n<p>Despu\u00e9s del trasplante es importante aplicar riego para evitar deshidrataci\u00f3n de las ra\u00edces y seguir regando cada 5 a 7 d\u00edas hasta que se logra el prendimiento. Despu\u00e9s se ir\u00e1n espaciando al ir desarrollando el sistema radical.<br><\/p>\n\n\n\n<p>Durante el trasplante no se requiere fertilizaci\u00f3n, ya que las ra\u00edces en ese momento no son capaces de absorber nutrientes y si, en cambio, pueden ser da\u00f1adas al entrar en contacto con el fertilizante. La fertilizaci\u00f3n se debe iniciar hasta que el \u00e1rbol se ha establecido y recibido varios riegos.<\/p>\n\n\n\n<h4 class=\"wp-block-heading\">Fertilizaci\u00f3n<br><\/h4>\n\n\n\n<p>El programa de fertilizaci\u00f3n nitrogenada se inicia con 80 g de N por \u00e1rbol el primer a\u00f1o, 120 g el segundo a\u00f1o, Al tercer, cuarto, quinto y sexto a\u00f1o de desarrollo se pueden aplicar 140, 200, 300 y 400 g de N por \u00e1rbol, respectivamente, fraccionando la dosis en tres aplicaciones previas a las brotaciones en primavera, verano y oto\u00f1o. A partir del s\u00e9ptimo a\u00f1o aplicar 640 g de N por \u00e1rbol. Para huertos adultos la dosis anual requerida de nitr\u00f3geno oscila de 140 a 180 kg\/ha. Los niveles de f\u00f3sforo disponible y potasio intercambiable en suelos del noroeste de M\u00e9xico son considerados adecuados, por lo que no es recomendable aplicar a menos que el an\u00e1lisis foliar confirme deficiencias. En este caso, se sugiere aplicar alrededor de 75 kg de P2O5 y 100 kg de K2O\/ha. Se ha encontrado que los \u00e1rboles sobre portainjertos trifoliados como Troyer y Carrizo requieren mayor fertilizaci\u00f3n fosforada por tener menor capacidad de absorber este elemento.<br><\/p>\n\n\n\n<p>En el caso de naranjas tempranas, que presentan problemas de tama\u00f1o peque\u00f1o de fruta, se sugiere aplicar nitrato de potasio al 1 % en forma  foliar  en  dos  aplicaciones  durante  junio  y  julio  espaciadas  dos semanas. Se recomienda evitar la fertilizaci\u00f3n pot\u00e1sica en huertas de toronja para evitar engrosamiento excesivo de la c\u00e1scara.<br><\/p>\n\n\n\n<p>La deficiencia de fierro es la m\u00e1s dif\u00edcil de corregir. Se puede utilizar sulfato ferroso u otra formulaci\u00f3n comercial asperjada al follaje en dosis de 100 g por cada 100 L de agua y neutralizar con cal hidratada, adicionando 300 g por cada 100 L de soluci\u00f3n. Es importante considerar el uso de agentes dispersantes  &#8211;  adherentes  en  todas  las  aplicaciones  foliares,  procurando realizar las aspersiones cuando las temperaturas sean m\u00e1s frescas.<\/p>\n\n\n\n<h4 class=\"wp-block-heading\">Riego<br><\/h4>\n\n\n\n<p>El riego de las plantaciones de naranja es importante para la producci\u00f3n y calidad de la fruta ya que promueve el desarrollo de los \u00e1rboles, incrementa el rendimiento y tama\u00f1o de la fruta. Su efecto en la calidad puede ser negativo cuando se aplica agua en exceso.<br><\/p>\n\n\n\n<p>Los requerimientos de agua de plantaciones de naranja dependen de factores como edad del \u00e1rbol, portainjertos, variedad, etapa de crecimiento, tipo de suelo, densidad de plantaci\u00f3n, clima, entre otros. En general las demandas son mayores en climas des\u00e9rticos llegando a consumir hasta 127 cm por a\u00f1o en \u00e1rboles adultos, sin embargo la reducci\u00f3n del agua en etapas no cr\u00edticas permite buena producci\u00f3n y calidad de fruta, con l\u00e1minas anuales de solo 100 cm. Las demandas durante el a\u00f1o son menores en invierno con consumo de 2 mm por d\u00eda, mientras que en verano puede alcanzar 5.8 mm por d\u00eda.<br><\/p>\n\n\n\n<p>Los m\u00e9todos de riego utilizados son de inundaci\u00f3n y presurizados. En los primeros se utilizan dos variantes, las melgas y los cuadros, generalmente con eficiencias de aplicaci\u00f3n menores del 50%.<br><\/p>\n\n\n\n<p>El riego por melgas proporciona hasta 12 %, mayor uniformidad en la distribuci\u00f3n del agua en la parcela con respecto al m\u00e9todo de cuadros. Lo anterior se debe a una mayor velocidad de llenado y una menor permanencia del agua en las melgas, sin embargo la necesidad de terrenos nivelados hace que el riego por cuadros sea m\u00e1s utilizado, provocando en suelos de textura fina y baja penetraci\u00f3n problemas de \u201cgomosis\u201d. <br><\/p>\n\n\n\n<p>Para riego por inundaci\u00f3n se sugieren de 10 a 12 riegos al a\u00f1o, espaci\u00e1ndolos alrededor de 17 d\u00edas en los meses de m\u00e1xima demanda (junio, julio y agosto), mientras que en los meses de baja demanda (noviembre, diciembre y enero) con un riego es suficiente.<br><\/p>\n\n\n\n<p>Con la seguridad de que el agua aplicada en plantaciones de naranja tiene un efecto en la producci\u00f3n y calidad de la fruta, es aconsejable monitorear los perfiles de suelo que est\u00e1n siendo humedecidos. Para esto en sistemas de microaspersi\u00f3n y goteo se pueden utilizar los tensi\u00f3metros y otros sensores como los de resistencia el\u00e9ctrica. Estos dispositivos han sido \u00fatiles en los trabajos de investigaci\u00f3n y validaci\u00f3n de Uso y Manejo del Agua, y en el caso especifico de naranja, se han colocado a profundidades de 45 y 90 cm, donde el de menor profundidad es \u00fatil para ajustar la frecuencia de riego y el de mayor profundidad sirve para aumentar o reducir el tiempo de riego.  Las  lecturas  que  ofrece  miden  la  tensi\u00f3n  del  agua  en  el  suelo expresada en centibars. En general, lecturas por debajo de 10 indican suelo saturado, entre 10 y 20 buena humedad, entre 30 y 60 necesidad de riego, y mayor a 60  se  acerca  a  condiciones  cr\u00edticas  para  el  desarrollo  del  cultivo,  a excepci\u00f3n de suelos muy pesados.<\/p>\n\n\n\n<h4 class=\"wp-block-heading\">Malezas<br><\/h4>\n\n\n\n<p>La presencia de malezas en los huertos de c\u00edtricos es indeseable por la competencia que hacen a los \u00e1rboles por luz, agua y nutrientes, y porque favorecen poblaciones de roedores e insectos plaga.<br><\/p>\n\n\n\n<p>El control puede ser mec\u00e1nico, qu\u00edmico o biol\u00f3gico. En el caso de control  mec\u00e1nico,  la  labranza,  realizada  antes  que  la  maleza  produzca semilla, permite romper su ciclo y se evita aportaci\u00f3n de semillas al suelo, reduciendo las poblaciones de malas hierbas.<br><\/p>\n\n\n\n<p>El control qu\u00edmico es el m\u00e1s utilizado por su efectividad y menor da\u00f1o a la estructura de los suelos. En el Cuadro 2 se presentan los herbicidas que se recomiendan para c\u00edtricos, sus dosis y \u00e9pocas de aplicaci\u00f3n.<\/p>\n\n\n\n<h4 class=\"wp-block-heading\">Plagas<br><\/h4>\n\n\n\n<p>Los c\u00edtricos son atacados por varias especies de insectos que pueden afectar la calidad de fruta y disminuir la producci\u00f3n. En el Cuadro 3 se anotan las principales plagas y su control.<br><\/p>\n\n\n\n<p>Adem\u00e1s  de  los  insecticidas  qu\u00edmicos,  se  puede  utilizar  control biol\u00f3gico contra algunas de estas plagas como son:<br><\/p>\n\n\n\n<ul><li>Liberaci\u00f3n de 5,000 adultos\/ha de Aphytis para escama<\/li><li>Aplicaci\u00f3n de 20,000 huevecillos de Crysopa\/ha para trips, pulgones.<\/li><\/ul>\n\n\n\n<h5 class=\"wp-block-heading\">Ps\u00edlido de los c\u00edtricos y Huanglongbing<br><\/h5>\n\n\n\n<p>La importancia del ps\u00edlido asi\u00e1tico de los c\u00edtricos radica en que es transmisor de bacterias del g\u00e9nero Candidatus, causantes de la enfermedad Huanglongbing. Esta enfermedad afecta a todo tipo de c\u00edtricos -incluyendo naranja, toronja, lim\u00f3n y mandarina-  as\u00ed como otras pocas variedades ornamentales estrechamente relacionadas.<br><\/p>\n\n\n\n<p>Una vez infectados, los \u00e1rboles mueren en tan s\u00f3lo cinco a\u00f1os. A la fecha no hay cura ni m\u00e9todo de control efectivo contra HLB, por lo que el manejo se enfoca a reducir la poblaci\u00f3n de ps\u00edlidos y as\u00ed frenar la propagaci\u00f3n de la enfermedad.<br><\/p>\n\n\n\n<p>Aunque el ps\u00edlido da\u00f1a las hojas, eso en s\u00ed no mata los \u00e1rboles y la fruta se puede comer sin peligro.<br><\/p>\n\n\n\n<p>Monitoree la presencia del ps\u00edlido desde la primavera hasta el oto\u00f1o, vea si hay huevecillos, ninfas o adultos de ps\u00edlidos en hojas nuevas en desarrollo.<br><\/p>\n\n\n\n<p>Los adultos tienen alas moteadas marr\u00f3n, y el tama\u00f1o es similar al de un \u00e1fido. Se alimentan con la cabeza hacia abajo y sus \u201ccolas\u201d hacia arriba. Las ninfas son diminutas, amarillentas y secretan peque\u00f1os tubos blancos y cerosos.<\/p>\n\n\n\n<p><strong>S\u00edntomas de la enfermedad de HLB.\u00a0<\/strong>Las hojas muestran un moteado amarillento asim\u00e9trico con manchones verdes.<br><\/p>\n\n\n\n<p>La fruta es peque\u00f1a, deforme, se desprende f\u00e1cilmente del \u00e1rbol y su jugo es amargo.<\/p>\n\n\n\n<p><strong>Manejo de la plaga y la enfermedad.\u00a0<\/strong>El control del insecto y el manejo de la enfermedad requieren un programa de manejo integrado de plagas. Si est\u00e1n presentes el vector y la enfermedad es necesario el control. Se considera que una poblaci\u00f3n es elevada cuando se observan tres ninfas y cinco adultos por rama.<br><\/p>\n\n\n\n<p><strong>Control cultural.<\/strong> Los \u00e1rboles infectados deber\u00edan eliminarse cuando aparecen los s\u00edntomas de la enfermedad. Dado que el pat\u00f3geno se mueve lentamente despu\u00e9s de la infecci\u00f3n, podr\u00eda ser beneficiosa una poda severa. <\/p>\n\n\n\n<p>En general, se recomienda eliminar los \u00e1rboles infectados de menos de 5 a\u00f1os. Si los \u00e1rboles tienen entre 6 y 10 a\u00f1os, deber\u00edan eliminarse aquellos con niveles de infecci\u00f3n del 75%. De lo contrario, se podr\u00edan podar las ramas enfermas. Si las plantas tienen m\u00e1s de 10 a\u00f1os, se recomienda eliminar las ramas afectadas, hasta 40% del \u00e1rbol. No deber\u00edan plantarse nuevos \u00e1rboles en huertos afectados por huanglongbing.<br><\/p>\n\n\n\n<p><strong>Control biol\u00f3gico.<\/strong> Se ha corroborado la utilidad de crisopa comanche como depredador, lleg\u00e1ndose a obtener porcentajes de depredaci\u00f3n superiores al 80%. La capacidad depredadora de crisopa comanche, es mayor sobre huevecillos, a la vez consume m\u00e1s ninfas chicas que ninfas grandes. Tambi\u00e9n depreda adultos, pero en menor proporci\u00f3n pues \u00e9stos vuelan.<br><\/p>\n\n\n\n<p><strong>Control qu\u00edmico.<\/strong> El insecticida sist\u00e9mico imidacloprid provee el mejor control de ninfas aliment\u00e1ndose en hojas tiernas. Penetra a trav\u00e9s de las ra\u00edces y permanece en los \u00e1rboles hasta seis meses. Debe aplicarse s\u00f3lo una vez al a\u00f1o, sugiriendo hacerlo antes de la brotaci\u00f3n de primavera. Aplique tratamiento s\u00f3lo si hay ps\u00edlidos asi\u00e1ticos de los c\u00edtricos ya que los insecticidas pueden causar da\u00f1o a abejas y a enemigos naturales necesarios para combatir otras plagas.<br><\/p>\n\n\n\n<p>Si roc\u00eda carbaryl, aseg\u00farese de que haga contacto directo con insectos adultos y ninfas ocultos en los nuevos reto\u00f1os.<br><\/p>\n\n\n\n<p>No aplique insecticidas cuando los \u00e1rboles est\u00e1n en floraci\u00f3n para evitar intoxicar a las abejas.<\/p>\n\n\n\n<h4 class=\"wp-block-heading\">Enfermedades<br><\/h4>\n\n\n\n<h5 class=\"wp-block-heading\">Gomosis.<br><\/h5>\n\n\n\n<p>Aunque los c\u00edtricos pueden ser atacados por diferentes agentes pat\u00f3genos como hongos, virus, bacterias y nematodos,  por lo general s\u00f3lo la gomosis del tronco que es producida por el hongo <em>Phythoptora<\/em> spp ocasiona da\u00f1os de importancia econ\u00f3mica. La  infecci\u00f3n  se  manifiesta  en  el  tronco  con  lesiones  que  se caracterizan  por  un  agrietamiento  y  descascaramiento  de  la  corteza  y presencia de gotas de goma. El \u00e1rbol se debilita, con follaje p\u00e1lido y ralo, as\u00ed como frutos peque\u00f1os. Si el descortezamiento logra anillar el tronco, el \u00e1rbol puede morir. Condiciones ambientales de exceso de humedad en suelo o alrededor del tronco favorecen la enfermedad.<br>Entre las medidas preventivas est\u00e1 el uso de patrones resistentes o tolerantes al hongo como Citranges Carrizo y Troyer, Lim\u00f3n Volkameriano y Mandarina Cleopatra. El naranjo agrio tambi\u00e9n es tolerante a gomosis pero no se recomienda por su susceptibilidad a Tristeza de los C\u00edtricos. Otra medida preventiva es evitar injertos muy bajos, evitar lesiones al tronco y ra\u00edces de la corona, evitar acumulaci\u00f3n de maleza, basura o tierra alrededor del tronco, as\u00ed como evitar encharcamientos prolongados.<br>Las pr\u00e1cticas curativas consisten en realizar cirug\u00eda de la corteza infectada y tratar la superficie ya limpia con funguicidas en forma de pasta como Alliette, Ridomil o caldo bordel\u00e9s. Se ha probado la efectividad de aplicaciones al follaje de Alliette 80 en dosis de 2.0 a 2.8 gramos de ingrediente activo por hect\u00e1rea.<\/p>\n\n\n\n<h5 class=\"wp-block-heading\">Tristeza de los C\u00edtricos.<br><\/h5>\n\n\n\n<p>Ocasionada por un virus es el problema m\u00e1s importante en la producci\u00f3n de estas especies, ya que ha matado millones de \u00e1rboles en muchos pa\u00edses. En M\u00e9xico se ha detectado en varios estados, procedi\u00e9ndose a eliminar los \u00e1rboles infectados. El avance de la enfermedad est\u00e1 muy relacionado con la presencia del pulg\u00f3n caf\u00e9 que es el vector m\u00e1s eficiente para transmitirla. <\/p>\n\n\n\n<p>La Tristeza solo puede prevenirse, no hay remedio para ella. Entre las medidas preventivas est\u00e1n:<br><\/p>\n\n\n\n<ul><li>Uso de patrones tolerantes que pueden producir a\u00fan en presencia de la enfermedad.<\/li><li>Uso de yemas libres de virus provenientes de \u00e1rboles certificados como sanos.<\/li><li>Campa\u00f1as para detectar y erradicar plantas enfermas.<\/li><li>Campa\u00f1as para detectar y controlar el \u00e1fido vector.<\/li><li>Uso de yemas libres de virus provenientes de \u00e1rboles certificados como sanos.<\/li><li>Campa\u00f1as para detectar y erradicar plantas enfermas.<\/li><li>Campa\u00f1as para detectar y controlar el \u00e1fido vector.<\/li><\/ul>\n\n\n\n<h5 class=\"wp-block-heading\">Nem\u00e1todos.<br><\/h5>\n\n\n\n<p>Son peque\u00f1os gusanos que viven en el suelo, el agua y las plantas. Algunos pueden da\u00f1ar a las plantas, otros da\u00f1an a hongos, bacterias o a otros nem\u00e1todos. Los c\u00edtricos son afectados por muchas especies de nem\u00e1todos, sin embargo la especie principal que ataca a este cultivo es el llamado nematodo de los c\u00edtricos, que est\u00e1 presente en todo el noroeste de M\u00e9xico, en todos los tipos de suelo. El da\u00f1o que ocasiona es un decaimiento de los \u00e1rboles, mayor en \u00e1rboles j\u00f3venes y en \u00e1rboles afectados por otros factores como enfermedades o mal manejo de riego y fertilizaci\u00f3n. Este decaimiento se manifiesta en follaje pobre, bajo rendimiento y fruta peque\u00f1a.<\/p>\n\n\n\n<p>Entre las medidas de prevenci\u00f3n y control est\u00e1n:<br><\/p>\n\n\n\n<ul><li>An\u00e1lisis de suelo previo a la plantaci\u00f3n para hacer, si es necesario, medidas de control.<\/li><li>Uso de portainjertos tolerantes<\/li><li>Plantar \u00e1rboles libres de nem\u00e1todos.<\/li><li>El incremento de materia org\u00e1nica incrementa poblaci\u00f3n de organismos antag\u00f3nicos.<\/li><li>Uso   de   nematicidas   como   Aldicarb   y   Fenamifos   en   casos   de infestaciones muy severas.<\/li><\/ul>\n\n\n\n<h4 class=\"wp-block-heading\"><strong>Poda<\/strong><\/h4>\n\n\n\n<p><strong>\u00a0<\/strong>La poda de los c\u00edtricos es para remover partes de la planta con el fin de lograr un tama\u00f1o y forma deseados o para quitar ramas muertas, enfermas o mal acomodadas. El control adecuado del crecimiento vegetativo ayuda a mantener \u00e1rboles saludables y productivos, ya que permite combinar adecuadamente cantidad y calidad de luz con cantidad y calidad de follaje.<br><\/p>\n\n\n\n<p>En \u00e1rboles j\u00f3venes la poda en los primeros a\u00f1os se reduce a quitar chupones del tronco, sacar ramas secas y dar formaci\u00f3n eliminando ramas cruzadas. En \u00e1rboles adultos la poda de mantenimiento consiste en eliminar rama seca cada 3 a 5 a\u00f1os para evitar da\u00f1os a la fruta y evitar ser fuente de termitas y hongos. Es necesario hacer deschupones cada 1 a 2 a\u00f1os para aprovechar mejor el agua y nutrientes y mantener iluminaci\u00f3n hacia el interior de la copa.<br><\/p>\n\n\n\n<p>En \u00e1rboles de mandarina, de follaje muy denso, es conveniente mantener la copa abierta para mejorar color de fruta y reducir el n\u00famero de ramas productivas para mejorar tama\u00f1o de la misma. Los \u00e1rboles de toronja, por su parte, doblan sus ramas inferiores hasta tocar el suelo por el peso de los frutos, los cuales pierden calidad, dificultando el paso de maquinaria y labores de fertilizaci\u00f3n y control de maleza. Por ello se recomienda eliminar ramas de abajo para levantar la falda.<br><\/p>\n\n\n\n<p>Huertas adultas cuyos \u00e1rboles se han cerrado entre si presentan problemas de acceso de luz, p\u00e9rdida del follaje inferior, fructificaci\u00f3n en las partes altas, bajos rendimientos y calidad de fruta, pobre cubrimiento de aspersiones, dificultad para paso de maquinaria y para la cosecha. En estos casos es necesario abrir calles con poda manual o mec\u00e1nica.<br><\/p>\n\n\n\n<p>El uso de podadoras mec\u00e1nicas permite recortar los lados de los \u00e1rboles con cuchillas circulares rotatorias, formando setos. Las especificaciones para poda mec\u00e1nica son las siguientes:<br><\/p>\n\n\n\n<ul><li>Angulo de 10 a 15\u00ba de la vertical.<\/li><li>Altura de los \u00e1rboles de 5 a 5.5 m.<\/li><li>Ancho de calle de 2 a 2.5 m<\/li><\/ul>\n\n\n\n<h4 class=\"wp-block-heading\">Maduraci\u00f3n y cosecha<br><\/h4>\n\n\n\n<p>La maduraci\u00f3n de los c\u00edtricos conlleva cambios externos en el color de la parte externa de la c\u00e1scara o flavedo y cambios internos en el contenido de jugo y la acumulaci\u00f3n de az\u00facar y \u00e1cido. Existen normas mexicanas que establecen los requerimientos m\u00ednimos para la madurez legal de la fruta. En el caso de la naranja, especie comercial m\u00e1s importante en nuestra regi\u00f3n es de 50 % de cambio de color de verde a amarillo &#8211; naranja, 43 a 50 % de contenido de jugo en base a peso, y una relaci\u00f3n s\u00f3lidos solubles\/\u00e1cido de 9.9\/1 a 10.5\/1.<br><\/p>\n\n\n\n<p>La \u00e9poca de maduraci\u00f3n para naranjas tempranas es noviembre a enero y de marzo a junio para tard\u00edas. Las variedades de toronja pueden cosecharse de noviembre a mayo. Las mandarinas, por su parte, se cosechan de noviembre a enero las tempranas y de diciembre a febrero las tard\u00edas. En el caso de los limones del tipo americano (real), la \u00e9poca adecuada de cosecha es de septiembre a diciembre. El lim\u00f3n mexicano produce a lo largo de todo el a\u00f1o, concentr\u00e1ndose el 70 % de la producci\u00f3n en agosto y septiembre.<\/p>\n","protected":false},"excerpt":{"rendered":"<p>Selecci\u00f3n de \u00e1rboles en vivero La edad de los arbolitos m\u00e1s adecuada es de un a\u00f1o para el injerto y tres a\u00f1os para el patr\u00f3n. Injertos<span class=\"excerpt-hellip\"> [\u2026]<\/span><\/p>\n","protected":false},"author":4,"featured_media":2752,"parent":2627,"menu_order":0,"comment_status":"closed","ping_status":"closed","template":"","meta":{"ngg_post_thumbnail":0,"jetpack_post_was_ever_published":false,"footnotes":""},"categories":[23],"tags":[],"acf":[],"jetpack_sharing_enabled":true,"jetpack_shortlink":"https:\/\/wp.me\/P5Aau3-Sv","_links":{"self":[{"href":"https:\/\/panorama-agro.com\/index.php?rest_route=\/wp\/v2\/pages\/3379"}],"collection":[{"href":"https:\/\/panorama-agro.com\/index.php?rest_route=\/wp\/v2\/pages"}],"about":[{"href":"https:\/\/panorama-agro.com\/index.php?rest_route=\/wp\/v2\/types\/page"}],"author":[{"embeddable":true,"href":"https:\/\/panorama-agro.com\/index.php?rest_route=\/wp\/v2\/users\/4"}],"replies":[{"embeddable":true,"href":"https:\/\/panorama-agro.com\/index.php?rest_route=%2Fwp%2Fv2%2Fcomments&post=3379"}],"version-history":[{"count":3,"href":"https:\/\/panorama-agro.com\/index.php?rest_route=\/wp\/v2\/pages\/3379\/revisions"}],"predecessor-version":[{"id":3382,"href":"https:\/\/panorama-agro.com\/index.php?rest_route=\/wp\/v2\/pages\/3379\/revisions\/3382"}],"up":[{"embeddable":true,"href":"https:\/\/panorama-agro.com\/index.php?rest_route=\/wp\/v2\/pages\/2627"}],"wp:featuredmedia":[{"embeddable":true,"href":"https:\/\/panorama-agro.com\/index.php?rest_route=\/wp\/v2\/media\/2752"}],"wp:attachment":[{"href":"https:\/\/panorama-agro.com\/index.php?rest_route=%2Fwp%2Fv2%2Fmedia&parent=3379"}],"wp:term":[{"taxonomy":"category","embeddable":true,"href":"https:\/\/panorama-agro.com\/index.php?rest_route=%2Fwp%2Fv2%2Fcategories&post=3379"},{"taxonomy":"post_tag","embeddable":true,"href":"https:\/\/panorama-agro.com\/index.php?rest_route=%2Fwp%2Fv2%2Ftags&post=3379"}],"curies":[{"name":"wp","href":"https:\/\/api.w.org\/{rel}","templated":true}]}}