{"id":3724,"date":"2019-11-13T20:06:25","date_gmt":"2019-11-14T03:06:25","guid":{"rendered":"https:\/\/panorama-agro.com\/?page_id=3724"},"modified":"2019-12-12T18:04:48","modified_gmt":"2019-12-13T01:04:48","slug":"costos-de-produccion-2014-2015-2-2","status":"publish","type":"page","link":"https:\/\/panorama-agro.com\/?page_id=3724","title":{"rendered":"Costos de producci\u00f3n 2019 \/ Soya"},"content":{"rendered":"\n<h2 class=\"has-text-align-center wp-block-heading\">Informaci\u00f3n general<\/h2>\n\n\n\n<figure class=\"wp-block-table aligncenter\"><table class=\"\"><tbody><tr><td>Zona:<\/td><td>Agencias de Sinaloa<\/td><\/tr><tr><td>Ciclo:<\/td><td>Primavera-verano 2019<\/td><\/tr><tr><td>A\u00f1o:<\/td><td>2019<\/td><\/tr><tr><td>Tecnolog\u00eda<\/td><td>Gravedad-mejorada-fertilizada<\/td><\/tr><tr><td>Modalidad<\/td><td>Labranza de Conservacion<\/td><\/tr><\/tbody><\/table><\/figure>\n\n\n\n<h2 class=\"has-text-align-center wp-block-heading\">An\u00e1lisis econ\u00f3mico<\/h2>\n\n\n\n<figure class=\"wp-block-table aligncenter\"><table class=\"\"><tbody><tr><td>Rendimiento probable (ton\/ha)<\/td><td class=\"has-text-align-right\" data-align=\"right\">2.2<\/td><\/tr><tr><td>Precio probable ($\/ton)<\/td><td class=\"has-text-align-right\" data-align=\"right\">$8,400<\/td><\/tr><tr><td>Ingreso probable ($\/ha)<\/td><td class=\"has-text-align-right\" data-align=\"right\">$18,480<\/td><\/tr><tr><td>Costo total ($\/ha)<\/td><td class=\"has-text-align-right\" data-align=\"right\">$16,127<\/td><\/tr><tr><td>Utilidad probable ($\/ha)<\/td><td class=\"has-text-align-right\" data-align=\"right\">$2,353<\/td><\/tr><tr><td>Costo unitario ($\/ton)<\/td><td class=\"has-text-align-right\" data-align=\"right\">$7,331<\/td><\/tr><tr><td>Punto de equilibrio (ton\/ha)<\/td><td class=\"has-text-align-right\" data-align=\"right\">1.92<\/td><\/tr><\/tbody><\/table><\/figure>\n\n\n\n<h2 class=\"has-text-align-center wp-block-heading\">Producci\u00f3n (ton\/ha) para cubrir:<\/h2>\n\n\n\n<figure class=\"wp-block-table aligncenter\"><table class=\"\"><tbody><tr><td>Av\u00edo+Intereses<\/td><td>1.46<\/td><\/tr><tr><td>Costo directo<\/td><td>1.71<\/td><\/tr><\/tbody><\/table><\/figure>\n\n\n\n<h2 class=\"has-text-align-center wp-block-heading\">Resumen de Costos<\/h2>\n\n\n\n<figure class=\"wp-block-table aligncenter\"><table class=\"\"><tbody><tr><td>Preparaci\u00f3n del Terreno<\/td><td class=\"has-text-align-right\" data-align=\"right\">$903<\/td><\/tr><tr><td>Siembra<\/td><td class=\"has-text-align-right\" data-align=\"right\">$2,538<\/td><\/tr><tr><td>Fertilizaci\u00f3n<\/td><td class=\"has-text-align-right\" data-align=\"right\">$1,985<\/td><\/tr><tr><td>Labores Culturales<\/td><td class=\"has-text-align-right\" data-align=\"right\">$1,370<\/td><\/tr><tr><td>Riegos<\/td><td class=\"has-text-align-right\" data-align=\"right\">$2,500<\/td><\/tr><tr><td>Control de plagas, malezas y enfermedades<\/td><td class=\"has-text-align-right\" data-align=\"right\">$77<\/td><\/tr><tr><td>Cosecha, Selecci\u00f3n y empaque<\/td><td class=\"has-text-align-right\" data-align=\"right\">$1,660<\/td><\/tr><tr><td>Comercializaci\u00f3n<\/td><td class=\"has-text-align-right\" data-align=\"right\">$0<\/td><\/tr><tr><td>Diversos<\/td><td class=\"has-text-align-right\" data-align=\"right\">$2,640<\/td><\/tr><tr><td>Total:<\/td><td class=\"has-text-align-right\" data-align=\"right\">$16,127<\/td><\/tr><\/tbody><\/table><\/figure>\n\n\n\n<h2 class=\"has-text-align-center wp-block-heading\">Financiamiento<\/h2>\n\n\n\n<figure class=\"wp-block-table aligncenter\"><table class=\"\"><tbody><tr><td>Necesidades de Financiamiento<\/td><td class=\"has-text-align-right\" data-align=\"right\">Hasta 160 mil UDI<\/td><td class=\"has-text-align-right\" data-align=\"right\">Mayor a 160 mil UDI<\/td><\/tr><tr><td>Cuota de cr\u00e9dito $\/ha<\/td><td class=\"has-text-align-right\" data-align=\"right\">$12,800<\/td><td class=\"has-text-align-right\" data-align=\"right\">$11,400<\/td><\/tr><tr><td>Aportaci\u00f3n $\/ha<\/td><td class=\"has-text-align-right\" data-align=\"right\">$1,529<\/td><td class=\"has-text-align-right\" data-align=\"right\">$2,929<\/td><\/tr><tr><td>Intereses $\/ha<\/td><td class=\"has-text-align-right\" data-align=\"right\">$959<\/td><td class=\"has-text-align-right\" data-align=\"right\">$854<\/td><\/tr><\/tbody><\/table><\/figure>\n\n\n\n<p><\/p>\n\n\n\n<div class=\"wp-block-image\"><figure class=\"aligncenter size-large\"><img decoding=\"async\" loading=\"lazy\" width=\"550\" height=\"594\" src=\"https:\/\/panorama-agro.com\/wp-content\/uploads\/2019\/12\/SOYA.jpg\" alt=\"\" class=\"wp-image-3783\" srcset=\"https:\/\/panorama-agro.com\/wp-content\/uploads\/2019\/12\/SOYA.jpg 550w, https:\/\/panorama-agro.com\/wp-content\/uploads\/2019\/12\/SOYA-417x450.jpg 417w, https:\/\/panorama-agro.com\/wp-content\/uploads\/2019\/12\/SOYA-135x146.jpg 135w, https:\/\/panorama-agro.com\/wp-content\/uploads\/2019\/12\/SOYA-46x50.jpg 46w, https:\/\/panorama-agro.com\/wp-content\/uploads\/2019\/12\/SOYA-69x75.jpg 69w\" sizes=\"(max-width:767px) 550px, 550px\" \/><\/figure><\/div>\n\n\n\n<ul><li>Los costos de producci\u00f3n aqu\u00ed presentados aplican para el estado de Sinaloa, M\u00e9xico, y est\u00e1n expresados en Pesos Mexicanos.&nbsp;<em>Fuente: Sistema de Costos Agr\u00edcolas FIRA.<\/em><\/li><\/ul>\n","protected":false},"excerpt":{"rendered":"<p>Informaci\u00f3n general Zona: Agencias de Sinaloa Ciclo: Primavera-verano 2019 A\u00f1o: 2019 Tecnolog\u00eda Gravedad-mejorada-fertilizada Modalidad Labranza de Conservacion An\u00e1lisis econ\u00f3mico Rendimiento probable (ton\/ha) 2.2 Precio probable ($\/ton)<span class=\"excerpt-hellip\"> [\u2026]<\/span><\/p>\n","protected":false},"author":4,"featured_media":0,"parent":0,"menu_order":0,"comment_status":"open","ping_status":"closed","template":"","meta":{"ngg_post_thumbnail":0,"jetpack_post_was_ever_published":false,"footnotes":""},"categories":[12],"tags":[],"acf":[],"jetpack_sharing_enabled":true,"jetpack_shortlink":"https:\/\/wp.me\/P5Aau3-Y4","_links":{"self":[{"href":"https:\/\/panorama-agro.com\/index.php?rest_route=\/wp\/v2\/pages\/3724"}],"collection":[{"href":"https:\/\/panorama-agro.com\/index.php?rest_route=\/wp\/v2\/pages"}],"about":[{"href":"https:\/\/panorama-agro.com\/index.php?rest_route=\/wp\/v2\/types\/page"}],"author":[{"embeddable":true,"href":"https:\/\/panorama-agro.com\/index.php?rest_route=\/wp\/v2\/users\/4"}],"replies":[{"embeddable":true,"href":"https:\/\/panorama-agro.com\/index.php?rest_route=%2Fwp%2Fv2%2Fcomments&post=3724"}],"version-history":[{"count":4,"href":"https:\/\/panorama-agro.com\/index.php?rest_route=\/wp\/v2\/pages\/3724\/revisions"}],"predecessor-version":[{"id":3785,"href":"https:\/\/panorama-agro.com\/index.php?rest_route=\/wp\/v2\/pages\/3724\/revisions\/3785"}],"wp:attachment":[{"href":"https:\/\/panorama-agro.com\/index.php?rest_route=%2Fwp%2Fv2%2Fmedia&parent=3724"}],"wp:term":[{"taxonomy":"category","embeddable":true,"href":"https:\/\/panorama-agro.com\/index.php?rest_route=%2Fwp%2Fv2%2Fcategories&post=3724"},{"taxonomy":"post_tag","embeddable":true,"href":"https:\/\/panorama-agro.com\/index.php?rest_route=%2Fwp%2Fv2%2Ftags&post=3724"}],"curies":[{"name":"wp","href":"https:\/\/api.w.org\/{rel}","templated":true}]}}