{"id":3730,"date":"2019-11-14T21:00:01","date_gmt":"2019-11-15T04:00:01","guid":{"rendered":"https:\/\/panorama-agro.com\/?page_id=3730"},"modified":"2019-12-13T17:59:28","modified_gmt":"2019-12-14T00:59:28","slug":"costos-de-produccion-2014-2015-2-2","status":"publish","type":"page","link":"https:\/\/panorama-agro.com\/?page_id=3730","title":{"rendered":"Costos de producci\u00f3n 2019 \/ Alfalfa"},"content":{"rendered":"\n<h2 class=\"has-text-align-center wp-block-heading\">Costo de establecimiento<\/h2>\n\n\n<a href=\"https:\/\/panorama-agro.com\/wp-content\/uploads\/2019\/12\/Alfalfa_Establecimiento_BMF_Chihuahua_Perenne_2019.pdf\" class=\"pdfemb-viewer\" style=\"\" data-width=\"max\" data-height=\"max\" data-mobile-width=\"500\"  data-scrollbar=\"none\" data-download=\"on\" data-tracking=\"on\" data-newwindow=\"on\" data-pagetextbox=\"off\" data-scrolltotop=\"off\" data-startzoom=\"100\" data-startfpzoom=\"100\" data-toolbar=\"bottom\" data-toolbar-fixed=\"off\">Alfalfa_Establecimiento_BMF_Chihuahua_Perenne_2019<br\/><\/a>\n<p class=\"wp-block-pdfemb-pdf-embedder-viewer\"><\/p>\n\n\n\n<div class=\"wp-block-image\"><figure class=\"aligncenter size-large\"><img decoding=\"async\" loading=\"lazy\" width=\"550\" height=\"686\" src=\"https:\/\/panorama-agro.com\/wp-content\/uploads\/2019\/12\/ALFALFA-1.jpg\" alt=\"\" class=\"wp-image-3802\" srcset=\"https:\/\/panorama-agro.com\/wp-content\/uploads\/2019\/12\/ALFALFA-1.jpg 550w, https:\/\/panorama-agro.com\/wp-content\/uploads\/2019\/12\/ALFALFA-1-361x450.jpg 361w, https:\/\/panorama-agro.com\/wp-content\/uploads\/2019\/12\/ALFALFA-1-117x146.jpg 117w, https:\/\/panorama-agro.com\/wp-content\/uploads\/2019\/12\/ALFALFA-1-40x50.jpg 40w, https:\/\/panorama-agro.com\/wp-content\/uploads\/2019\/12\/ALFALFA-1-60x75.jpg 60w\" sizes=\"(max-width:767px) 550px, 550px\" \/><\/figure><\/div>\n\n\n\n<hr class=\"wp-block-separator\"\/>\n\n\n\n<h2 class=\"has-text-align-center wp-block-heading\"> Costo de mantenimiento <\/h2>\n\n\n<a href=\"https:\/\/panorama-agro.com\/wp-content\/uploads\/2019\/12\/Alfalfa_Mantenimiento_BMF_Chihuahua_Perenne_2019.pdf\" class=\"pdfemb-viewer\" style=\"\" data-width=\"max\" data-height=\"max\" data-mobile-width=\"500\"  data-scrollbar=\"none\" data-download=\"on\" data-tracking=\"on\" data-newwindow=\"on\" data-pagetextbox=\"off\" data-scrolltotop=\"off\" data-startzoom=\"100\" data-startfpzoom=\"100\" data-toolbar=\"bottom\" data-toolbar-fixed=\"off\">Alfalfa_Mantenimiento_BMF_Chihuahua_Perenne_2019<br\/><\/a>\n<p class=\"wp-block-pdfemb-pdf-embedder-viewer\"><\/p>\n\n\n\n<div class=\"wp-block-image\"><figure class=\"aligncenter size-large\"><img decoding=\"async\" loading=\"lazy\" width=\"550\" height=\"630\" src=\"https:\/\/panorama-agro.com\/wp-content\/uploads\/2019\/12\/ALFALFA-MANTENIMIENTO-1.jpg\" alt=\"\" class=\"wp-image-3807\" srcset=\"https:\/\/panorama-agro.com\/wp-content\/uploads\/2019\/12\/ALFALFA-MANTENIMIENTO-1.jpg 550w, https:\/\/panorama-agro.com\/wp-content\/uploads\/2019\/12\/ALFALFA-MANTENIMIENTO-1-393x450.jpg 393w, https:\/\/panorama-agro.com\/wp-content\/uploads\/2019\/12\/ALFALFA-MANTENIMIENTO-1-127x146.jpg 127w, https:\/\/panorama-agro.com\/wp-content\/uploads\/2019\/12\/ALFALFA-MANTENIMIENTO-1-44x50.jpg 44w, https:\/\/panorama-agro.com\/wp-content\/uploads\/2019\/12\/ALFALFA-MANTENIMIENTO-1-65x75.jpg 65w\" sizes=\"(max-width:767px) 550px, 550px\" \/><\/figure><\/div>\n\n\n\n<ul><li>Los costos de producci\u00f3n aqu\u00ed presentados aplican para el estado de Chihuahua, M\u00e9xico, y pueden servir como una referencia para otras regiones productoras. Estos costos est\u00e1n expresados en Pesos Mexicanos.\u00a0<em>Fuente: Sistema de Costos Agr\u00edcolas FIRA.<\/em><\/li><\/ul>\n","protected":false},"excerpt":{"rendered":"<p>Costo de establecimiento Costo de mantenimiento Los costos de producci\u00f3n aqu\u00ed presentados aplican para el estado de Chihuahua, M\u00e9xico, y pueden servir como una referencia para<span class=\"excerpt-hellip\"> [\u2026]<\/span><\/p>\n","protected":false},"author":4,"featured_media":0,"parent":3361,"menu_order":0,"comment_status":"open","ping_status":"open","template":"","meta":{"ngg_post_thumbnail":0,"jetpack_post_was_ever_published":false,"footnotes":""},"categories":[107],"tags":[],"acf":[],"jetpack_sharing_enabled":true,"jetpack_shortlink":"https:\/\/wp.me\/P5Aau3-Ya","_links":{"self":[{"href":"https:\/\/panorama-agro.com\/index.php?rest_route=\/wp\/v2\/pages\/3730"}],"collection":[{"href":"https:\/\/panorama-agro.com\/index.php?rest_route=\/wp\/v2\/pages"}],"about":[{"href":"https:\/\/panorama-agro.com\/index.php?rest_route=\/wp\/v2\/types\/page"}],"author":[{"embeddable":true,"href":"https:\/\/panorama-agro.com\/index.php?rest_route=\/wp\/v2\/users\/4"}],"replies":[{"embeddable":true,"href":"https:\/\/panorama-agro.com\/index.php?rest_route=%2Fwp%2Fv2%2Fcomments&post=3730"}],"version-history":[{"count":4,"href":"https:\/\/panorama-agro.com\/index.php?rest_route=\/wp\/v2\/pages\/3730\/revisions"}],"predecessor-version":[{"id":3809,"href":"https:\/\/panorama-agro.com\/index.php?rest_route=\/wp\/v2\/pages\/3730\/revisions\/3809"}],"up":[{"embeddable":true,"href":"https:\/\/panorama-agro.com\/index.php?rest_route=\/wp\/v2\/pages\/3361"}],"wp:attachment":[{"href":"https:\/\/panorama-agro.com\/index.php?rest_route=%2Fwp%2Fv2%2Fmedia&parent=3730"}],"wp:term":[{"taxonomy":"category","embeddable":true,"href":"https:\/\/panorama-agro.com\/index.php?rest_route=%2Fwp%2Fv2%2Fcategories&post=3730"},{"taxonomy":"post_tag","embeddable":true,"href":"https:\/\/panorama-agro.com\/index.php?rest_route=%2Fwp%2Fv2%2Ftags&post=3730"}],"curies":[{"name":"wp","href":"https:\/\/api.w.org\/{rel}","templated":true}]}}