{"id":3744,"date":"2019-11-19T20:21:43","date_gmt":"2019-11-20T03:21:43","guid":{"rendered":"https:\/\/panorama-agro.com\/?page_id=3744"},"modified":"2019-12-27T17:45:28","modified_gmt":"2019-12-28T00:45:28","slug":"soya-2","status":"publish","type":"page","link":"https:\/\/panorama-agro.com\/?page_id=3744","title":{"rendered":"Ajonjol\u00ed"},"content":{"rendered":"\n<p>El ajonjol\u00ed es un cultivo de gran importancia por su alto contenido de aceite, 45 a 50%. Tiene buena adaptaci\u00f3n a las condiciones de Sinaloa, pero al igual que soya es apetecido por la mosca blanca, de ah\u00ed que su siembra hab\u00eda estado restringida por razones fitosanitarias.<\/p>\n\n\n\n<p>Una vez que el problema de la mosca blanca se empez\u00f3 a superar, el ajonjol\u00ed podr\u00eda representar una buena alternativa de siembra adem\u00e1s de que es factible incrementar el rendimiento medio regional siguiendo mejores pr\u00e1cticas de manejo.<\/p>\n\n\n\n<h3 class=\"wp-block-heading\">Informaci\u00f3n disponible<\/h3>\n\n\n\n<p>A continuaci\u00f3n le presentamos la informaci\u00f3n t\u00e9cnica disponible para este cultivo:<\/p>\n\n\n\n<ul><li><a href=\"\/?page_id=3877\">Gu\u00eda de manejo del cultivo<\/a><\/li><li><a href=\"\/?page_id=3736\">Costos de producci\u00f3n 2019-2020<\/a><\/li><\/ul>\n\n\n\n<p>Nuestro archivo fotogr\u00e1fico consta de:<\/p>\n\n\n\n<ul><li><a href=\"\/?cat=124\">Fotograf\u00edas de plagas<\/a><\/li><li><a href=\"\/?cat=125\">Fotograf\u00edas de enfermedades<\/a><\/li><\/ul>\n","protected":false},"excerpt":{"rendered":"<p>El ajonjol\u00ed es un cultivo de gran importancia por su alto contenido de aceite, 45 a 50%. Tiene buena adaptaci\u00f3n a las condiciones de Sinaloa, pero<span class=\"excerpt-hellip\"> [\u2026]<\/span><\/p>\n","protected":false},"author":4,"featured_media":3814,"parent":13,"menu_order":0,"comment_status":"open","ping_status":"open","template":"","meta":{"ngg_post_thumbnail":0,"jetpack_post_was_ever_published":false,"footnotes":""},"categories":[123,99],"tags":[],"acf":[],"jetpack_sharing_enabled":true,"jetpack_shortlink":"https:\/\/wp.me\/P5Aau3-Yo","_links":{"self":[{"href":"https:\/\/panorama-agro.com\/index.php?rest_route=\/wp\/v2\/pages\/3744"}],"collection":[{"href":"https:\/\/panorama-agro.com\/index.php?rest_route=\/wp\/v2\/pages"}],"about":[{"href":"https:\/\/panorama-agro.com\/index.php?rest_route=\/wp\/v2\/types\/page"}],"author":[{"embeddable":true,"href":"https:\/\/panorama-agro.com\/index.php?rest_route=\/wp\/v2\/users\/4"}],"replies":[{"embeddable":true,"href":"https:\/\/panorama-agro.com\/index.php?rest_route=%2Fwp%2Fv2%2Fcomments&post=3744"}],"version-history":[{"count":6,"href":"https:\/\/panorama-agro.com\/index.php?rest_route=\/wp\/v2\/pages\/3744\/revisions"}],"predecessor-version":[{"id":3891,"href":"https:\/\/panorama-agro.com\/index.php?rest_route=\/wp\/v2\/pages\/3744\/revisions\/3891"}],"up":[{"embeddable":true,"href":"https:\/\/panorama-agro.com\/index.php?rest_route=\/wp\/v2\/pages\/13"}],"wp:featuredmedia":[{"embeddable":true,"href":"https:\/\/panorama-agro.com\/index.php?rest_route=\/wp\/v2\/media\/3814"}],"wp:attachment":[{"href":"https:\/\/panorama-agro.com\/index.php?rest_route=%2Fwp%2Fv2%2Fmedia&parent=3744"}],"wp:term":[{"taxonomy":"category","embeddable":true,"href":"https:\/\/panorama-agro.com\/index.php?rest_route=%2Fwp%2Fv2%2Fcategories&post=3744"},{"taxonomy":"post_tag","embeddable":true,"href":"https:\/\/panorama-agro.com\/index.php?rest_route=%2Fwp%2Fv2%2Ftags&post=3744"}],"curies":[{"name":"wp","href":"https:\/\/api.w.org\/{rel}","templated":true}]}}