{"id":3821,"date":"2019-12-20T09:59:10","date_gmt":"2019-12-20T16:59:10","guid":{"rendered":"https:\/\/panorama-agro.com\/?page_id=3821"},"modified":"2019-12-20T10:00:00","modified_gmt":"2019-12-20T17:00:00","slug":"guia-de-manejo","status":"publish","type":"page","link":"https:\/\/panorama-agro.com\/?page_id=3821","title":{"rendered":"Gu\u00eda de manejo del ar\u00e1ndano"},"content":{"rendered":"\n<h5 class=\"wp-block-heading\">Suelo<\/h5>\n\n\n\n<p>El sistema radical del ar\u00e1ndano est\u00e1 compuesto principalmente por ra\u00edces finas y fibrosas que se concentran en un 80% a 50 cm de profundidad del suelo, es decir, muy cerca de la superficie. Estas ra\u00edces fibrosas carecen de pelos radicales y tienen relativamente baja capacidad de absorci\u00f3n. Las ra\u00edces del ar\u00e1ndano no son capaces de atravesar superficies de suelo compactas y requieren de suelos sueltos y bien drenados, con buen contenido de materia org\u00e1nica (3% a 5%). Sin embargo, el agricultor puede realizar algunos esfuerzos econ\u00f3micos para establecer plantaciones en suelos con mayores dificultades de aireaci\u00f3n y mala condici\u00f3n, como es el caso de la adici\u00f3n de enmiendas en el hoyo de plantaci\u00f3n y la preparaci\u00f3n de camellones de 1 m de ancho, 50 cm de alto y de bordes suaves. Los ar\u00e1ndanos crecen bien en suelos con pH entre 4,4 y 5,5.<\/p>\n\n\n\n<p>La acidez del suelo debe ser verificada anualmente para asegurar el desarrollo normal de las plantas. Se debe ubicar la plantaci\u00f3n en suelos libres de malezas perennes, realizando muy anticipadamente las aplicaciones de herbicidas recomendadas para su control. Durante la preparaci\u00f3n de suelos sacar y eliminar los restos de malezas que hayan quedado sobre y bajo la superficie. Para la plantaci\u00f3n seleccionar suelos descansados, con siembras previas de avena o trigo.<\/p>\n\n\n\n<h5 class=\"wp-block-heading\">Clima<\/h5>\n\n\n\n<p>Los ar\u00e1ndanos crecen mejor en climas moderados. Dependiendo de la variedad, requieren entre 400 y 1200 horas fr\u00edo con un umbral de 7 \u00b0C para cumplir su receso invernal. Una vez que las plantas rompen la latencia se vuelven muy sensibles a las bajas temperaturas. Para realizar una correcta elecci\u00f3n de las variedades a plantar es necesario conocer el per\u00edodo de ocurrencia de heladas del sector, de tal manera que estos eventos no coincidan con el per\u00edodo de floraci\u00f3n. La flor se hiela a -2 \u00b0C, pero por la superposici\u00f3n de estados fenol\u00f3gicos se considera como temperatura cr\u00edtica -0,6 \u00b0C.<\/p>\n\n\n\n<p>Veranos nublados reducen la calidad de la fruta y favorecen la propagaci\u00f3n de hongos. As\u00ed tambi\u00e9n, veranos muy calurosos pueden concentrar la cosecha de la fruta, disminuir el sabor y su firmeza, adem\u00e1s impedir una cosecha escalonada y oportuna. Los vientos fuertes dominantes, especialmente los primeros a\u00f1os de la plantaci\u00f3n, ocasionan desarrollo de brotes ca\u00eddos, afectan la floraci\u00f3n por ca\u00edda de flores e impiden la polinizaci\u00f3n por insectos, y adem\u00e1s, producen la ca\u00edda y da\u00f1o mec\u00e1nico de la fruta deteriorando su calidad final.<\/p>\n\n\n\n<h5 class=\"wp-block-heading\">Agua<\/h5>\n\n\n\n<p>Debido a sus ra\u00edces superficiales el ar\u00e1ndano es muy sensible al d\u00e9ficit y exceso de agua. Donde no se conozca la calidad del agua de riego se recomienda realizar un an\u00e1lisis qu\u00edmico para determinar pH, sales solubles (conductividad el\u00e9ctrica), y raz\u00f3n de adsorci\u00f3n de sodio (RAS). Adem\u00e1s, deber\u00e1 sacarse otra muestra de agua para an\u00e1lisis microbiol\u00f3gico para asegurar y demostrar que se regar\u00e1 con agua de buena calidad y limpia. Los sistemas de riego localizado permiten mantener un nivel adecuado de humedad en los primeros 15 a 20 cm del suelo, donde se encuentra gran parte de las ra\u00edces. Adicional al sistema de riego del cultivo, en aquellos lugares con peligro de heladas primaverales se utiliza el riego por aspersi\u00f3n para su control.<\/p>\n\n\n\n<h5 class=\"wp-block-heading\">Elecci\u00f3n de la variedad<\/h5>\n\n\n\n<p>Para definir la variedad se deben considerar los siguientes aspectos: Destino de la producci\u00f3n: fresco, congelado, o ambas; adaptaci\u00f3n clim\u00e1tica a la localidad: requerimientos de fr\u00edo;  per\u00edodos de floraci\u00f3n y cosecha. Rendimiento, calidad organol\u00e9ptica del fruto: presencia de semillas, color, sabor, calibre y piel suave; resistencia al estr\u00e9s de la planta a condiciones ambientales extremas; vigor y resistencia a enfermedades. Facilidad de cosecha: piel firme al desgarro, separaci\u00f3n del pedicelo del fruto. Buena condici\u00f3n de poscosecha del fruto: cicatriz peque\u00f1a, retenci\u00f3n de la capa de pruina.<\/p>\n\n\n\n<h5 class=\"wp-block-heading\">Plantaci\u00f3n<\/h5>\n\n\n\n<ul><li>La plantaci\u00f3n se puede realizar en oto\u00f1o o a inicios de la primavera. Esto depender\u00e1 de la disponibilidad de las plantas y si los trabajos de preparaci\u00f3n de suelos e instalaci\u00f3n del riego est\u00e1n terminados.<\/li><li>Marcar la distancia sobre hilera en que se har\u00e1 la plantaci\u00f3n 0,8 a 1 m.<\/li><li>En caso de usar mulch pl\u00e1stico o malla anti-malezas deben ser perforados previamente a la plantaci\u00f3n. Hacer los hoyos anticipadamente a la plantaci\u00f3n, de unos 40 \u00d7 40 \u00d7 40 cm.<\/li><li>Disponer la planta en bolsa frente al hoyo de plantaci\u00f3n. Las plantas no deben plantarse directamente desde los sombreaderos, deber\u00e1n estar previamente aclimatadas a la condici\u00f3n ambiental reinante.<\/li><li>Disponer de un alambre enrollado para ir pinchando y juntando las bolsas y as\u00ed evitar contaminar el huerto con pl\u00e1stico.<\/li><li>Tener todos los dosificadores para medir las dosis de insecticidas para control de insectos del suelo, fungicidas, fertilizantes recomendados seg\u00fan el resultado del an\u00e1lisis qu\u00edmico de suelos. Mezclar bien todos estos insumos con toda la tierra que se sac\u00f3 del hoyo de plantaci\u00f3n. Importante, siempre usar guantes.<\/li><li>Romper cuidadosamente la bolsa con un corte longitudinal.<\/li><li>Abrir la ra\u00edz de la planta delicadamente desde el fondo del pan; colocar la planta con las ra\u00edces en forma horizontal al suelo en el hoyo. La planta debe quedar enterrada a 2-3 cm m\u00e1s profundo que la que ten\u00eda cuando estaba en la bolsa. Esto porque el camell\u00f3n tiende a bajar y las ra\u00edces podr\u00edan quedar expuestas al aire.<\/li><li>Apisonar suavemente alrededor de la planta con la mano para eliminar bolsas de aire del suelo, evitando la compactaci\u00f3n y eliminaci\u00f3n de la porosidad resultante en la preparaci\u00f3n del suelo.<\/li><li>Regar unos 3 d\u00edas antes al plantar en primavera.<\/li><li>Colocar la l\u00ednea de goteo de 5 a 10 cm de la planta.<\/li><li>Terminada la plantaci\u00f3n, rebajar a 1\/3 los brotes, y adem\u00e1s eliminar brotes d\u00e9biles y doblados ubicados en la base de las plantas.<\/li><li>Al plantar en primavera, el riego deber\u00e1 ser suficiente para mantener h\u00fameda la superficie ocupada por el pan radicular solamente. No gastar energ\u00eda en exceso.<\/li><li>Es beneficiosa la siembra de pasto sobre la hilera para evitar la presencia de tierra sobre la fruta. Com\u00fanmente es utilizada la festuca y tambi\u00e9n la mezcla de festuca con tr\u00e9bol.<\/li><\/ul>\n","protected":false},"excerpt":{"rendered":"<p>Suelo El sistema radical del ar\u00e1ndano est\u00e1 compuesto principalmente por ra\u00edces finas y fibrosas que se concentran en un 80% a 50 cm de profundidad del<span class=\"excerpt-hellip\"> [\u2026]<\/span><\/p>\n","protected":false},"author":4,"featured_media":3810,"parent":3741,"menu_order":0,"comment_status":"open","ping_status":"open","template":"","meta":{"ngg_post_thumbnail":0,"jetpack_post_was_ever_published":false,"footnotes":""},"categories":[122],"tags":[],"acf":[],"jetpack_sharing_enabled":true,"jetpack_shortlink":"https:\/\/wp.me\/P5Aau3-ZD","_links":{"self":[{"href":"https:\/\/panorama-agro.com\/index.php?rest_route=\/wp\/v2\/pages\/3821"}],"collection":[{"href":"https:\/\/panorama-agro.com\/index.php?rest_route=\/wp\/v2\/pages"}],"about":[{"href":"https:\/\/panorama-agro.com\/index.php?rest_route=\/wp\/v2\/types\/page"}],"author":[{"embeddable":true,"href":"https:\/\/panorama-agro.com\/index.php?rest_route=\/wp\/v2\/users\/4"}],"replies":[{"embeddable":true,"href":"https:\/\/panorama-agro.com\/index.php?rest_route=%2Fwp%2Fv2%2Fcomments&post=3821"}],"version-history":[{"count":1,"href":"https:\/\/panorama-agro.com\/index.php?rest_route=\/wp\/v2\/pages\/3821\/revisions"}],"predecessor-version":[{"id":3822,"href":"https:\/\/panorama-agro.com\/index.php?rest_route=\/wp\/v2\/pages\/3821\/revisions\/3822"}],"up":[{"embeddable":true,"href":"https:\/\/panorama-agro.com\/index.php?rest_route=\/wp\/v2\/pages\/3741"}],"wp:featuredmedia":[{"embeddable":true,"href":"https:\/\/panorama-agro.com\/index.php?rest_route=\/wp\/v2\/media\/3810"}],"wp:attachment":[{"href":"https:\/\/panorama-agro.com\/index.php?rest_route=%2Fwp%2Fv2%2Fmedia&parent=3821"}],"wp:term":[{"taxonomy":"category","embeddable":true,"href":"https:\/\/panorama-agro.com\/index.php?rest_route=%2Fwp%2Fv2%2Fcategories&post=3821"},{"taxonomy":"post_tag","embeddable":true,"href":"https:\/\/panorama-agro.com\/index.php?rest_route=%2Fwp%2Fv2%2Ftags&post=3821"}],"curies":[{"name":"wp","href":"https:\/\/api.w.org\/{rel}","templated":true}]}}

Guía de manejo del arándano

<h5 class="wp-block-heading">Suelo</h5>



<p>El sistema radical del arándano está compuesto principalmente por raíces finas y fibrosas que se concentran en un 80% a 50 cm de profundidad del suelo, es decir, muy cerca de la superficie. Estas raíces fibrosas carecen de pelos radicales y tienen relativamente baja capacidad de absorción. Las raíces del arándano no son capaces de atravesar superficies de suelo compactas y requieren de suelos sueltos y bien drenados, con buen contenido de materia orgánica (3% a 5%). Sin embargo, el agricultor puede realizar algunos esfuerzos económicos para establecer plantaciones en suelos con mayores dificultades de aireación y mala condición, como es el caso de la adición de enmiendas en el hoyo de plantación y la preparación de camellones de 1 m de ancho, 50 cm de alto y de bordes suaves. Los arándanos crecen bien en suelos con pH entre 4,4 y 5,5.</p>



<p>La acidez del suelo debe ser verificada anualmente para asegurar el desarrollo normal de las plantas. Se debe ubicar la plantación en suelos libres de malezas perennes, realizando muy anticipadamente las aplicaciones de herbicidas recomendadas para su control. Durante la preparación de suelos sacar y eliminar los restos de malezas que hayan quedado sobre y bajo la superficie. Para la plantación seleccionar suelos descansados, con siembras previas de avena o trigo.</p>



<h5 class="wp-block-heading">Clima</h5>



<p>Los arándanos crecen mejor en climas moderados. Dependiendo de la variedad, requieren entre 400 y 1200 horas frío con un umbral de 7 °C para cumplir su receso invernal. Una vez que las plantas rompen la latencia se vuelven muy sensibles a las bajas temperaturas. Para realizar una correcta elección de las variedades a plantar es necesario conocer el período de ocurrencia de heladas del sector, de tal manera que estos eventos no coincidan con el período de floración. La flor se hiela a -2 °C, pero por la superposición de estados fenológicos se considera como temperatura crítica -0,6 °C.</p>



<p>Veranos nublados reducen la calidad de la fruta y favorecen la propagación de hongos. Así también, veranos muy calurosos pueden concentrar la cosecha de la fruta, disminuir el sabor y su firmeza, además impedir una cosecha escalonada y oportuna. Los vientos fuertes dominantes, especialmente los primeros años de la plantación, ocasionan desarrollo de brotes caídos, afectan la floración por caída de flores e impiden la polinización por insectos, y además, producen la caída y daño mecánico de la fruta deteriorando su calidad final.</p>



<h5 class="wp-block-heading">Agua</h5>



<p>Debido a sus raíces superficiales el arándano es muy sensible al déficit y exceso de agua. Donde no se conozca la calidad del agua de riego se recomienda realizar un análisis químico para determinar pH, sales solubles (conductividad eléctrica), y razón de adsorción de sodio (RAS). Además, deberá sacarse otra muestra de agua para análisis microbiológico para asegurar y demostrar que se regará con agua de buena calidad y limpia. Los sistemas de riego localizado permiten mantener un nivel adecuado de humedad en los primeros 15 a 20 cm del suelo, donde se encuentra gran parte de las raíces. Adicional al sistema de riego del cultivo, en aquellos lugares con peligro de heladas primaverales se utiliza el riego por aspersión para su control.</p>



<h5 class="wp-block-heading">Elección de la variedad</h5>



<p>Para definir la variedad se deben considerar los siguientes aspectos: Destino de la producción: fresco, congelado, o ambas; adaptación climática a la localidad: requerimientos de frío;  períodos de floración y cosecha. Rendimiento, calidad organoléptica del fruto: presencia de semillas, color, sabor, calibre y piel suave; resistencia al estrés de la planta a condiciones ambientales extremas; vigor y resistencia a enfermedades. Facilidad de cosecha: piel firme al desgarro, separación del pedicelo del fruto. Buena condición de poscosecha del fruto: cicatriz pequeña, retención de la capa de pruina.</p>



<h5 class="wp-block-heading">Plantación</h5>



<ul><li>La plantación se puede realizar en otoño o a inicios de la primavera. Esto dependerá de la disponibilidad de las plantas y si los trabajos de preparación de suelos e instalación del riego están terminados.</li><li>Marcar la distancia sobre hilera en que se hará la plantación 0,8 a 1 m.</li><li>En caso de usar mulch plástico o malla anti-malezas deben ser perforados previamente a la plantación. Hacer los hoyos anticipadamente a la plantación, de unos 40 × 40 × 40 cm.</li><li>Disponer la planta en bolsa frente al hoyo de plantación. Las plantas no deben plantarse directamente desde los sombreaderos, deberán estar previamente aclimatadas a la condición ambiental reinante.</li><li>Disponer de un alambre enrollado para ir pinchando y juntando las bolsas y así evitar contaminar el huerto con plástico.</li><li>Tener todos los dosificadores para medir las dosis de insecticidas para control de insectos del suelo, fungicidas, fertilizantes recomendados según el resultado del análisis químico de suelos. Mezclar bien todos estos insumos con toda la tierra que se sacó del hoyo de plantación. Importante, siempre usar guantes.</li><li>Romper cuidadosamente la bolsa con un corte longitudinal.</li><li>Abrir la raíz de la planta delicadamente desde el fondo del pan; colocar la planta con las raíces en forma horizontal al suelo en el hoyo. La planta debe quedar enterrada a 2-3 cm más profundo que la que tenía cuando estaba en la bolsa. Esto porque el camellón tiende a bajar y las raíces podrían quedar expuestas al aire.</li><li>Apisonar suavemente alrededor de la planta con la mano para eliminar bolsas de aire del suelo, evitando la compactación y eliminación de la porosidad resultante en la preparación del suelo.</li><li>Regar unos 3 días antes al plantar en primavera.</li><li>Colocar la línea de goteo de 5 a 10 cm de la planta.</li><li>Terminada la plantación, rebajar a 1/3 los brotes, y además eliminar brotes débiles y doblados ubicados en la base de las plantas.</li><li>Al plantar en primavera, el riego deberá ser suficiente para mantener húmeda la superficie ocupada por el pan radicular solamente. No gastar energía en exceso.</li><li>Es beneficiosa la siembra de pasto sobre la hilera para evitar la presencia de tierra sobre la fruta. Comúnmente es utilizada la festuca y también la mezcla de festuca con trébol.</li></ul>

<p>Suelo El sistema radical del arándano está compuesto principalmente por raíces finas y fibrosas que se concentran en un 80% a 50 cm de profundidad del<span class="excerpt-hellip"> […]</span></p>
