{"id":4383,"date":"2025-01-10T10:18:16","date_gmt":"2025-01-10T17:18:16","guid":{"rendered":"https:\/\/panorama-agro.com\/?page_id=4383"},"modified":"2025-01-10T10:58:17","modified_gmt":"2025-01-10T17:58:17","slug":"costos-de-produccion-2014-2015-2-2-2-2-2-2","status":"publish","type":"page","link":"https:\/\/panorama-agro.com\/?page_id=4383","title":{"rendered":"Costos de Producci\u00f3n 2024-2025 \/ Frijol"},"content":{"rendered":"<div class=\"wp-block-image\">\n<figure class=\"aligncenter size-full is-resized\"><img decoding=\"async\" loading=\"lazy\" width=\"1096\" height=\"1310\" src=\"https:\/\/panorama-agro.com\/wp-content\/uploads\/2025\/01\/CULTIVOS-GRAFICAS-2025-FRIJOL-1.jpg\" alt=\"\" class=\"wp-image-4406\" style=\"width:600px\" srcset=\"https:\/\/panorama-agro.com\/wp-content\/uploads\/2025\/01\/CULTIVOS-GRAFICAS-2025-FRIJOL-1.jpg 1096w, https:\/\/panorama-agro.com\/wp-content\/uploads\/2025\/01\/CULTIVOS-GRAFICAS-2025-FRIJOL-1-376x450.jpg 376w, https:\/\/panorama-agro.com\/wp-content\/uploads\/2025\/01\/CULTIVOS-GRAFICAS-2025-FRIJOL-1-768x918.jpg 768w, https:\/\/panorama-agro.com\/wp-content\/uploads\/2025\/01\/CULTIVOS-GRAFICAS-2025-FRIJOL-1-122x146.jpg 122w, https:\/\/panorama-agro.com\/wp-content\/uploads\/2025\/01\/CULTIVOS-GRAFICAS-2025-FRIJOL-1-42x50.jpg 42w, https:\/\/panorama-agro.com\/wp-content\/uploads\/2025\/01\/CULTIVOS-GRAFICAS-2025-FRIJOL-1-63x75.jpg 63w, https:\/\/panorama-agro.com\/wp-content\/uploads\/2025\/01\/CULTIVOS-GRAFICAS-2025-FRIJOL-1-700x837.jpg 700w\" sizes=\"(max-width:767px) 700px, (max-width:1096px) 100vw, 1096px\" \/><\/figure><\/div>\n\n\n<figure class=\"wp-block-table\"><table><tbody><tr><td>Rendimiento probable (Ton\/Ha): 1.90<\/td><td>Utilidad probable ($\/Ha): $10,662<\/td><\/tr><tr><td>Precio probable ($\/Ton): $22,000<\/td><td>Costo Unitario ($\/Ton): $16,388<\/td><\/tr><tr><td>Ingreso Probable ($\/Ha): $41,800<\/td><td>Punto de equilibrio (Ton\/Ha): 1.42<\/td><\/tr><\/tbody><\/table><\/figure>\n\n\n\n<ul>\n<li>Los costos de producci\u00f3n aqu\u00ed presentados aplican para el estado de Sinaloa, M\u00e9xico, y est\u00e1n expresados en Pesos Mexicanos.&nbsp;<em>Fuente: Sistema de Costos Agr\u00edcolas FIRA.<\/em><\/li>\n<\/ul>\n\n\n<a href=\"https:\/\/panorama-agro.com\/wp-content\/uploads\/2025\/01\/Frijol_GMF_Sinaloa_OI_2024_2025-1.pdf\" class=\"pdfemb-viewer\" style=\"\" data-width=\"max\" data-height=\"max\" data-mobile-width=\"500\"  data-scrollbar=\"none\" data-download=\"on\" data-tracking=\"on\" data-newwindow=\"on\" data-pagetextbox=\"off\" data-scrolltotop=\"off\" data-startzoom=\"100\" data-startfpzoom=\"100\" data-toolbar=\"bottom\" data-toolbar-fixed=\"off\">Frijol_GMF_Sinaloa_OI_2024_2025-1<br\/><\/a>\n<p class=\"wp-block-pdfemb-pdf-embedder-viewer\"><\/p>\n","protected":false},"excerpt":{"rendered":"<p>Rendimiento probable (Ton\/Ha): 1.90 Utilidad probable ($\/Ha): $10,662 Precio probable ($\/Ton): $22,000 Costo Unitario ($\/Ton): $16,388 Ingreso Probable ($\/Ha): $41,800 Punto de equilibrio (Ton\/Ha): 1.42<\/p>\n","protected":false},"author":4,"featured_media":0,"parent":17,"menu_order":0,"comment_status":"open","ping_status":"closed","template":"","meta":{"ngg_post_thumbnail":0,"jetpack_post_was_ever_published":false,"footnotes":""},"categories":[6],"tags":[],"acf":[],"jetpack_sharing_enabled":true,"jetpack_shortlink":"https:\/\/wp.me\/P5Aau3-18H","_links":{"self":[{"href":"https:\/\/panorama-agro.com\/index.php?rest_route=\/wp\/v2\/pages\/4383"}],"collection":[{"href":"https:\/\/panorama-agro.com\/index.php?rest_route=\/wp\/v2\/pages"}],"about":[{"href":"https:\/\/panorama-agro.com\/index.php?rest_route=\/wp\/v2\/types\/page"}],"author":[{"embeddable":true,"href":"https:\/\/panorama-agro.com\/index.php?rest_route=\/wp\/v2\/users\/4"}],"replies":[{"embeddable":true,"href":"https:\/\/panorama-agro.com\/index.php?rest_route=%2Fwp%2Fv2%2Fcomments&post=4383"}],"version-history":[{"count":3,"href":"https:\/\/panorama-agro.com\/index.php?rest_route=\/wp\/v2\/pages\/4383\/revisions"}],"predecessor-version":[{"id":4419,"href":"https:\/\/panorama-agro.com\/index.php?rest_route=\/wp\/v2\/pages\/4383\/revisions\/4419"}],"up":[{"embeddable":true,"href":"https:\/\/panorama-agro.com\/index.php?rest_route=\/wp\/v2\/pages\/17"}],"wp:attachment":[{"href":"https:\/\/panorama-agro.com\/index.php?rest_route=%2Fwp%2Fv2%2Fmedia&parent=4383"}],"wp:term":[{"taxonomy":"category","embeddable":true,"href":"https:\/\/panorama-agro.com\/index.php?rest_route=%2Fwp%2Fv2%2Fcategories&post=4383"},{"taxonomy":"post_tag","embeddable":true,"href":"https:\/\/panorama-agro.com\/index.php?rest_route=%2Fwp%2Fv2%2Ftags&post=4383"}],"curies":[{"name":"wp","href":"https:\/\/api.w.org\/{rel}","templated":true}]}}